{"version":"1.0","provider_name":"P\u00e1gina10","provider_url":"https:\/\/pagina10.com\/web","author_name":"P\u00e1gina 10","author_url":"https:\/\/pagina10.com\/web\/author\/pdiezadmin\/","title":"Gobierno financia gastos monumentales en la primera dama, Ver\u00f3nica Alcocer | P\u00e1gina10","type":"rich","width":600,"height":338,"html":"<blockquote class=\"wp-embedded-content\" data-secret=\"zgaKDvWFCS\"><a href=\"https:\/\/pagina10.com\/web\/70831-2\/\">Gobierno financia gastos monumentales en la primera dama, Ver\u00f3nica Alcocer<\/a><\/blockquote><iframe sandbox=\"allow-scripts\" security=\"restricted\" src=\"https:\/\/pagina10.com\/web\/70831-2\/embed\/#?secret=zgaKDvWFCS\" width=\"600\" height=\"338\" title=\"\u00abGobierno financia gastos monumentales en la primera dama, Ver\u00f3nica Alcocer\u00bb \u2014 P\u00e1gina10\" data-secret=\"zgaKDvWFCS\" frameborder=\"0\" marginwidth=\"0\" marginheight=\"0\" scrolling=\"no\" class=\"wp-embedded-content\"><\/iframe><script>\n\/*! This file is auto-generated *\/\n!function(d,l){\"use strict\";l.querySelector&&d.addEventListener&&\"undefined\"!=typeof URL&&(d.wp=d.wp||{},d.wp.receiveEmbedMessage||(d.wp.receiveEmbedMessage=function(e){var t=e.data;if((t||t.secret||t.message||t.value)&&!\/[^a-zA-Z0-9]\/.test(t.secret)){for(var s,r,n,a=l.querySelectorAll('iframe[data-secret=\"'+t.secret+'\"]'),o=l.querySelectorAll('blockquote[data-secret=\"'+t.secret+'\"]'),c=new RegExp(\"^https?:$\",\"i\"),i=0;i<o.length;i++)o[i].style.display=\"none\";for(i=0;i<a.length;i++)s=a[i],e.source===s.contentWindow&&(s.removeAttribute(\"style\"),\"height\"===t.message?(1e3<(r=parseInt(t.value,10))?r=1e3:~~r<200&&(r=200),s.height=r):\"link\"===t.message&&(r=new URL(s.getAttribute(\"src\")),n=new URL(t.value),c.test(n.protocol))&&n.host===r.host&&l.activeElement===s&&(d.top.location.href=t.value))}},d.addEventListener(\"message\",d.wp.receiveEmbedMessage,!1),l.addEventListener(\"DOMContentLoaded\",function(){for(var e,t,s=l.querySelectorAll(\"iframe.wp-embedded-content\"),r=0;r<s.length;r++)(t=(e=s[r]).getAttribute(\"data-secret\"))||(t=Math.random().toString(36).substring(2,12),e.src+=\"#?secret=\"+t,e.setAttribute(\"data-secret\",t)),e.contentWindow.postMessage({message:\"ready\",secret:t},\"*\")},!1)))}(window,document);\n\/\/# sourceURL=https:\/\/pagina10.com\/web\/wp-includes\/js\/wp-embed.min.js\n<\/script>\n","thumbnail_url":"https:\/\/pagina10.com\/web\/wp-content\/uploads\/2024\/01\/WZOGZJYPWVFZRO7LVJSDQGYOQQ.jpeg","thumbnail_width":800,"thumbnail_height":533,"description":"En una revelaci\u00f3n realizada por medio nacional La Silla Vac\u00eda se conoci\u00f3 que Ver\u00f3nica Alcocer, primera dama de Colombia, mantiene un \u201cs\u00e9quito\u201d costoso para el Estado, logrando superar los mil millones de pesos, financiados por el Gobierno de Gustavo Petro. El equipo lo conforman un maquillador, estilista, fot\u00f3grafo y amiga cercana, quienes gestionan la imagen, [&hellip;]"}

Página10

Página 10

Gobierno financia gastos monumentales en la primera dama, Verónica Alcocer | Página10

<blockquote class="wp-embedded-content" data-secret="zgaKDvWFCS"><a href="https://pagina10.com/web/70831-2/">Gobierno financia gastos monumentales en la primera dama, Verónica Alcocer</a></blockquote><iframe sandbox="allow-scripts" security="restricted" src="https://pagina10.com/web/70831-2/embed/#?secret=zgaKDvWFCS" width="600" height="338" title="«Gobierno financia gastos monumentales en la primera dama, Verónica Alcocer» — Página10" data-secret="zgaKDvWFCS" frameborder="0" marginwidth="0" marginheight="0" scrolling="no" class="wp-embedded-content"></iframe><script>
/*! This file is auto-generated */
!function(d,l){"use strict";l.querySelector&&d.addEventListener&&"undefined"!=typeof URL&&(d.wp=d.wp||{},d.wp.receiveEmbedMessage||(d.wp.receiveEmbedMessage=function(e){var t=e.data;if((t||t.secret||t.message||t.value)&&!/[^a-zA-Z0-9]/.test(t.secret)){for(var s,r,n,a=l.querySelectorAll('iframe[data-secret="'+t.secret+'"]'),o=l.querySelectorAll('blockquote[data-secret="'+t.secret+'"]'),c=new RegExp("^https?:$","i"),i=0;i<o.length;i++)o[i].style.display="none";for(i=0;i<a.length;i++)s=a[i],e.source===s.contentWindow&&(s.removeAttribute("style"),"height"===t.message?(1e3<(r=parseInt(t.value,10))?r=1e3:~~r<200&&(r=200),s.height=r):"link"===t.message&&(r=new URL(s.getAttribute("src")),n=new URL(t.value),c.test(n.protocol))&&n.host===r.host&&l.activeElement===s&&(d.top.location.href=t.value))}},d.addEventListener("message",d.wp.receiveEmbedMessage,!1),l.addEventListener("DOMContentLoaded",function(){for(var e,t,s=l.querySelectorAll("iframe.wp-embedded-content"),r=0;r<s.length;r++)(t=(e=s[r]).getAttribute("data-secret"))||(t=Math.random().toString(36).substring(2,12),e.src+="#?secret="+t,e.setAttribute("data-secret",t)),e.contentWindow.postMessage({message:"ready",secret:t},"*")},!1)))}(window,document);
//# sourceURL=https://pagina10.com/web/wp-includes/js/wp-embed.min.js
</script>

En una revelación realizada por medio nacional La Silla Vacía se conoció que Verónica Alcocer, primera dama de Colombia, mantiene un “séquito” costoso para el Estado, logrando superar los mil millones de pesos, financiados por el Gobierno de Gustavo Petro. El equipo lo conforman un maquillador, estilista, fotógrafo y amiga cercana, quienes gestionan la imagen, [&hellip;]
