{"version":"1.0","provider_name":"P\u00e1gina10","provider_url":"https:\/\/pagina10.com\/web","author_name":"P\u00e1gina 10","author_url":"https:\/\/pagina10.com\/web\/author\/pdiezadmin\/","title":"Finaliz\u00f3 tercer ciclo de di\u00e1logos con el EMC con preagenda de negociaci\u00f3n | P\u00e1gina10","type":"rich","width":600,"height":338,"html":"<blockquote class=\"wp-embedded-content\" data-secret=\"lX4ZqCQowI\"><a href=\"https:\/\/pagina10.com\/web\/71085-2\/\">Finaliz\u00f3 tercer ciclo de di\u00e1logos con el EMC con preagenda de negociaci\u00f3n<\/a><\/blockquote><iframe sandbox=\"allow-scripts\" security=\"restricted\" src=\"https:\/\/pagina10.com\/web\/71085-2\/embed\/#?secret=lX4ZqCQowI\" width=\"600\" height=\"338\" title=\"\u00abFinaliz\u00f3 tercer ciclo de di\u00e1logos con el EMC con preagenda de negociaci\u00f3n\u00bb \u2014 P\u00e1gina10\" data-secret=\"lX4ZqCQowI\" frameborder=\"0\" marginwidth=\"0\" marginheight=\"0\" scrolling=\"no\" class=\"wp-embedded-content\"><\/iframe><script>\n\/*! This file is auto-generated *\/\n!function(d,l){\"use strict\";l.querySelector&&d.addEventListener&&\"undefined\"!=typeof URL&&(d.wp=d.wp||{},d.wp.receiveEmbedMessage||(d.wp.receiveEmbedMessage=function(e){var t=e.data;if((t||t.secret||t.message||t.value)&&!\/[^a-zA-Z0-9]\/.test(t.secret)){for(var s,r,n,a=l.querySelectorAll('iframe[data-secret=\"'+t.secret+'\"]'),o=l.querySelectorAll('blockquote[data-secret=\"'+t.secret+'\"]'),c=new RegExp(\"^https?:$\",\"i\"),i=0;i<o.length;i++)o[i].style.display=\"none\";for(i=0;i<a.length;i++)s=a[i],e.source===s.contentWindow&&(s.removeAttribute(\"style\"),\"height\"===t.message?(1e3<(r=parseInt(t.value,10))?r=1e3:~~r<200&&(r=200),s.height=r):\"link\"===t.message&&(r=new URL(s.getAttribute(\"src\")),n=new URL(t.value),c.test(n.protocol))&&n.host===r.host&&l.activeElement===s&&(d.top.location.href=t.value))}},d.addEventListener(\"message\",d.wp.receiveEmbedMessage,!1),l.addEventListener(\"DOMContentLoaded\",function(){for(var e,t,s=l.querySelectorAll(\"iframe.wp-embedded-content\"),r=0;r<s.length;r++)(t=(e=s[r]).getAttribute(\"data-secret\"))||(t=Math.random().toString(36).substring(2,12),e.src+=\"#?secret=\"+t,e.setAttribute(\"data-secret\",t)),e.contentWindow.postMessage({message:\"ready\",secret:t},\"*\")},!1)))}(window,document);\n\/\/# sourceURL=https:\/\/pagina10.com\/web\/wp-includes\/js\/wp-embed.min.js\n<\/script>\n","thumbnail_url":"https:\/\/pagina10.com\/web\/wp-content\/uploads\/2024\/01\/IMG-20240120-WA0046.jpg","thumbnail_width":1200,"thumbnail_height":900,"description":"Los negociadores del gobierno nacional y el Estado Mayor Central de las Farc (EMC) concluyeron el tercer ciclo de di\u00e1logos en Bogot\u00e1, marcando un avance con la suscripci\u00f3n del quinto acuerdo en el proceso de paz. El documento sella la extensi\u00f3n del cese al fuego bilateral hasta el 15 de julio y reafirma el compromiso [&hellip;]"}

Página10

Página 10

Finalizó tercer ciclo de diálogos con el EMC con preagenda de negociación | Página10

<blockquote class="wp-embedded-content" data-secret="lX4ZqCQowI"><a href="https://pagina10.com/web/71085-2/">Finalizó tercer ciclo de diálogos con el EMC con preagenda de negociación</a></blockquote><iframe sandbox="allow-scripts" security="restricted" src="https://pagina10.com/web/71085-2/embed/#?secret=lX4ZqCQowI" width="600" height="338" title="«Finalizó tercer ciclo de diálogos con el EMC con preagenda de negociación» — Página10" data-secret="lX4ZqCQowI" frameborder="0" marginwidth="0" marginheight="0" scrolling="no" class="wp-embedded-content"></iframe><script>
/*! This file is auto-generated */
!function(d,l){"use strict";l.querySelector&&d.addEventListener&&"undefined"!=typeof URL&&(d.wp=d.wp||{},d.wp.receiveEmbedMessage||(d.wp.receiveEmbedMessage=function(e){var t=e.data;if((t||t.secret||t.message||t.value)&&!/[^a-zA-Z0-9]/.test(t.secret)){for(var s,r,n,a=l.querySelectorAll('iframe[data-secret="'+t.secret+'"]'),o=l.querySelectorAll('blockquote[data-secret="'+t.secret+'"]'),c=new RegExp("^https?:$","i"),i=0;i<o.length;i++)o[i].style.display="none";for(i=0;i<a.length;i++)s=a[i],e.source===s.contentWindow&&(s.removeAttribute("style"),"height"===t.message?(1e3<(r=parseInt(t.value,10))?r=1e3:~~r<200&&(r=200),s.height=r):"link"===t.message&&(r=new URL(s.getAttribute("src")),n=new URL(t.value),c.test(n.protocol))&&n.host===r.host&&l.activeElement===s&&(d.top.location.href=t.value))}},d.addEventListener("message",d.wp.receiveEmbedMessage,!1),l.addEventListener("DOMContentLoaded",function(){for(var e,t,s=l.querySelectorAll("iframe.wp-embedded-content"),r=0;r<s.length;r++)(t=(e=s[r]).getAttribute("data-secret"))||(t=Math.random().toString(36).substring(2,12),e.src+="#?secret="+t,e.setAttribute("data-secret",t)),e.contentWindow.postMessage({message:"ready",secret:t},"*")},!1)))}(window,document);
//# sourceURL=https://pagina10.com/web/wp-includes/js/wp-embed.min.js
</script>

Los negociadores del gobierno nacional y el Estado Mayor Central de las Farc (EMC) concluyeron el tercer ciclo de diálogos en Bogotá, marcando un avance con la suscripción del quinto acuerdo en el proceso de paz. El documento sella la extensión del cese al fuego bilateral hasta el 15 de julio y reafirma el compromiso [&hellip;]
