{"version":"1.0","provider_name":"P\u00e1gina10","provider_url":"https:\/\/pagina10.com\/web","author_name":"P\u00e1gina 10","author_url":"https:\/\/pagina10.com\/web\/author\/pdiezadmin\/","title":"Asamblea Departamental archiva tasa pro- deporte | P\u00e1gina10","type":"rich","width":600,"height":338,"html":"<blockquote class=\"wp-embedded-content\" data-secret=\"wnT0dhSBcD\"><a href=\"https:\/\/pagina10.com\/web\/asamblea-departamental-archiva-tasa-pro-deporte\/\">Asamblea Departamental archiva tasa pro- deporte<\/a><\/blockquote><iframe sandbox=\"allow-scripts\" security=\"restricted\" src=\"https:\/\/pagina10.com\/web\/asamblea-departamental-archiva-tasa-pro-deporte\/embed\/#?secret=wnT0dhSBcD\" width=\"600\" height=\"338\" title=\"\u00abAsamblea Departamental archiva tasa pro- deporte\u00bb \u2014 P\u00e1gina10\" data-secret=\"wnT0dhSBcD\" frameborder=\"0\" marginwidth=\"0\" marginheight=\"0\" scrolling=\"no\" class=\"wp-embedded-content\"><\/iframe><script>\n\/*! This file is auto-generated *\/\n!function(d,l){\"use strict\";l.querySelector&&d.addEventListener&&\"undefined\"!=typeof URL&&(d.wp=d.wp||{},d.wp.receiveEmbedMessage||(d.wp.receiveEmbedMessage=function(e){var t=e.data;if((t||t.secret||t.message||t.value)&&!\/[^a-zA-Z0-9]\/.test(t.secret)){for(var s,r,n,a=l.querySelectorAll('iframe[data-secret=\"'+t.secret+'\"]'),o=l.querySelectorAll('blockquote[data-secret=\"'+t.secret+'\"]'),c=new RegExp(\"^https?:$\",\"i\"),i=0;i<o.length;i++)o[i].style.display=\"none\";for(i=0;i<a.length;i++)s=a[i],e.source===s.contentWindow&&(s.removeAttribute(\"style\"),\"height\"===t.message?(1e3<(r=parseInt(t.value,10))?r=1e3:~~r<200&&(r=200),s.height=r):\"link\"===t.message&&(r=new URL(s.getAttribute(\"src\")),n=new URL(t.value),c.test(n.protocol))&&n.host===r.host&&l.activeElement===s&&(d.top.location.href=t.value))}},d.addEventListener(\"message\",d.wp.receiveEmbedMessage,!1),l.addEventListener(\"DOMContentLoaded\",function(){for(var e,t,s=l.querySelectorAll(\"iframe.wp-embedded-content\"),r=0;r<s.length;r++)(t=(e=s[r]).getAttribute(\"data-secret\"))||(t=Math.random().toString(36).substring(2,12),e.src+=\"#?secret=\"+t,e.setAttribute(\"data-secret\",t)),e.contentWindow.postMessage({message:\"ready\",secret:t},\"*\")},!1)))}(window,document);\n\/\/# sourceURL=https:\/\/pagina10.com\/web\/wp-includes\/js\/wp-embed.min.js\n<\/script>\n","thumbnail_url":"https:\/\/pagina10.com\/web\/wp-content\/uploads\/2020\/10\/depo.jpg","thumbnail_width":720,"thumbnail_height":479,"description":"En sesi\u00f3n ordinaria el d\u00eda de ayer 22 de octubre, se vot\u00f3 el proyecto de la tasa Pro Deporte, el cual fue presentado por los diputados ponentes Juan Daniel Pe\u00f1uela, Rosita Guevara y Jes\u00fas Eraso, misma que contaba con el respaldo del Gobernador Jhon Rojas. Luego de ser sometido a votaci\u00f3n, dicho proyecto fue archivado [&hellip;]"}

Página10

Página 10

Asamblea Departamental archiva tasa pro- deporte | Página10

<blockquote class="wp-embedded-content" data-secret="wnT0dhSBcD"><a href="https://pagina10.com/web/asamblea-departamental-archiva-tasa-pro-deporte/">Asamblea Departamental archiva tasa pro- deporte</a></blockquote><iframe sandbox="allow-scripts" security="restricted" src="https://pagina10.com/web/asamblea-departamental-archiva-tasa-pro-deporte/embed/#?secret=wnT0dhSBcD" width="600" height="338" title="«Asamblea Departamental archiva tasa pro- deporte» — Página10" data-secret="wnT0dhSBcD" frameborder="0" marginwidth="0" marginheight="0" scrolling="no" class="wp-embedded-content"></iframe><script>
/*! This file is auto-generated */
!function(d,l){"use strict";l.querySelector&&d.addEventListener&&"undefined"!=typeof URL&&(d.wp=d.wp||{},d.wp.receiveEmbedMessage||(d.wp.receiveEmbedMessage=function(e){var t=e.data;if((t||t.secret||t.message||t.value)&&!/[^a-zA-Z0-9]/.test(t.secret)){for(var s,r,n,a=l.querySelectorAll('iframe[data-secret="'+t.secret+'"]'),o=l.querySelectorAll('blockquote[data-secret="'+t.secret+'"]'),c=new RegExp("^https?:$","i"),i=0;i<o.length;i++)o[i].style.display="none";for(i=0;i<a.length;i++)s=a[i],e.source===s.contentWindow&&(s.removeAttribute("style"),"height"===t.message?(1e3<(r=parseInt(t.value,10))?r=1e3:~~r<200&&(r=200),s.height=r):"link"===t.message&&(r=new URL(s.getAttribute("src")),n=new URL(t.value),c.test(n.protocol))&&n.host===r.host&&l.activeElement===s&&(d.top.location.href=t.value))}},d.addEventListener("message",d.wp.receiveEmbedMessage,!1),l.addEventListener("DOMContentLoaded",function(){for(var e,t,s=l.querySelectorAll("iframe.wp-embedded-content"),r=0;r<s.length;r++)(t=(e=s[r]).getAttribute("data-secret"))||(t=Math.random().toString(36).substring(2,12),e.src+="#?secret="+t,e.setAttribute("data-secret",t)),e.contentWindow.postMessage({message:"ready",secret:t},"*")},!1)))}(window,document);
//# sourceURL=https://pagina10.com/web/wp-includes/js/wp-embed.min.js
</script>

En sesión ordinaria el día de ayer 22 de octubre, se votó el proyecto de la tasa Pro Deporte, el cual fue presentado por los diputados ponentes Juan Daniel Peñuela, Rosita Guevara y Jesús Eraso, misma que contaba con el respaldo del Gobernador Jhon Rojas. Luego de ser sometido a votación, dicho proyecto fue archivado [&hellip;]
