{"version":"1.0","provider_name":"P\u00e1gina10","provider_url":"https:\/\/pagina10.com\/web","author_name":"P\u00e1gina 10","author_url":"https:\/\/pagina10.com\/web\/author\/pdiezadmin\/","title":"Aumentaron masacres en Colombia: ONU | P\u00e1gina10","type":"rich","width":600,"height":338,"html":"<blockquote class=\"wp-embedded-content\" data-secret=\"4ju5IfwSqB\"><a href=\"https:\/\/pagina10.com\/web\/aumentaron-masacres-en-colombia-onu\/\">Aumentaron masacres en Colombia: ONU<\/a><\/blockquote><iframe sandbox=\"allow-scripts\" security=\"restricted\" src=\"https:\/\/pagina10.com\/web\/aumentaron-masacres-en-colombia-onu\/embed\/#?secret=4ju5IfwSqB\" width=\"600\" height=\"338\" title=\"\u00abAumentaron masacres en Colombia: ONU\u00bb \u2014 P\u00e1gina10\" data-secret=\"4ju5IfwSqB\" frameborder=\"0\" marginwidth=\"0\" marginheight=\"0\" scrolling=\"no\" class=\"wp-embedded-content\"><\/iframe><script>\n\/*! This file is auto-generated *\/\n!function(d,l){\"use strict\";l.querySelector&&d.addEventListener&&\"undefined\"!=typeof URL&&(d.wp=d.wp||{},d.wp.receiveEmbedMessage||(d.wp.receiveEmbedMessage=function(e){var t=e.data;if((t||t.secret||t.message||t.value)&&!\/[^a-zA-Z0-9]\/.test(t.secret)){for(var s,r,n,a=l.querySelectorAll('iframe[data-secret=\"'+t.secret+'\"]'),o=l.querySelectorAll('blockquote[data-secret=\"'+t.secret+'\"]'),c=new RegExp(\"^https?:$\",\"i\"),i=0;i<o.length;i++)o[i].style.display=\"none\";for(i=0;i<a.length;i++)s=a[i],e.source===s.contentWindow&&(s.removeAttribute(\"style\"),\"height\"===t.message?(1e3<(r=parseInt(t.value,10))?r=1e3:~~r<200&&(r=200),s.height=r):\"link\"===t.message&&(r=new URL(s.getAttribute(\"src\")),n=new URL(t.value),c.test(n.protocol))&&n.host===r.host&&l.activeElement===s&&(d.top.location.href=t.value))}},d.addEventListener(\"message\",d.wp.receiveEmbedMessage,!1),l.addEventListener(\"DOMContentLoaded\",function(){for(var e,t,s=l.querySelectorAll(\"iframe.wp-embedded-content\"),r=0;r<s.length;r++)(t=(e=s[r]).getAttribute(\"data-secret\"))||(t=Math.random().toString(36).substring(2,12),e.src+=\"#?secret=\"+t,e.setAttribute(\"data-secret\",t)),e.contentWindow.postMessage({message:\"ready\",secret:t},\"*\")},!1)))}(window,document);\n\/\/# sourceURL=https:\/\/pagina10.com\/web\/wp-includes\/js\/wp-embed.min.js\n<\/script>\n","thumbnail_url":"https:\/\/pagina10.com\/web\/wp-content\/uploads\/2024\/02\/ONU_2.jpg","thumbnail_width":1917,"thumbnail_height":846,"description":"Seg\u00fan el m\u00e1s reciente informe de la Oficina de las Naciones Unidas para los Derechos Humanos (ONU), Colombia experiment\u00f3 un aumento en la cantidad de masacres durante el a\u00f1o 2023. Este informe revel\u00f3 un incremento del 6.5% en comparaci\u00f3n con el a\u00f1o anterior, con un total de 98 casos documentados. Al respecto, Juliette de Rivero, [&hellip;]"}

Página10

Página 10

Aumentaron masacres en Colombia: ONU | Página10

<blockquote class="wp-embedded-content" data-secret="4ju5IfwSqB"><a href="https://pagina10.com/web/aumentaron-masacres-en-colombia-onu/">Aumentaron masacres en Colombia: ONU</a></blockquote><iframe sandbox="allow-scripts" security="restricted" src="https://pagina10.com/web/aumentaron-masacres-en-colombia-onu/embed/#?secret=4ju5IfwSqB" width="600" height="338" title="«Aumentaron masacres en Colombia: ONU» — Página10" data-secret="4ju5IfwSqB" frameborder="0" marginwidth="0" marginheight="0" scrolling="no" class="wp-embedded-content"></iframe><script>
/*! This file is auto-generated */
!function(d,l){"use strict";l.querySelector&&d.addEventListener&&"undefined"!=typeof URL&&(d.wp=d.wp||{},d.wp.receiveEmbedMessage||(d.wp.receiveEmbedMessage=function(e){var t=e.data;if((t||t.secret||t.message||t.value)&&!/[^a-zA-Z0-9]/.test(t.secret)){for(var s,r,n,a=l.querySelectorAll('iframe[data-secret="'+t.secret+'"]'),o=l.querySelectorAll('blockquote[data-secret="'+t.secret+'"]'),c=new RegExp("^https?:$","i"),i=0;i<o.length;i++)o[i].style.display="none";for(i=0;i<a.length;i++)s=a[i],e.source===s.contentWindow&&(s.removeAttribute("style"),"height"===t.message?(1e3<(r=parseInt(t.value,10))?r=1e3:~~r<200&&(r=200),s.height=r):"link"===t.message&&(r=new URL(s.getAttribute("src")),n=new URL(t.value),c.test(n.protocol))&&n.host===r.host&&l.activeElement===s&&(d.top.location.href=t.value))}},d.addEventListener("message",d.wp.receiveEmbedMessage,!1),l.addEventListener("DOMContentLoaded",function(){for(var e,t,s=l.querySelectorAll("iframe.wp-embedded-content"),r=0;r<s.length;r++)(t=(e=s[r]).getAttribute("data-secret"))||(t=Math.random().toString(36).substring(2,12),e.src+="#?secret="+t,e.setAttribute("data-secret",t)),e.contentWindow.postMessage({message:"ready",secret:t},"*")},!1)))}(window,document);
//# sourceURL=https://pagina10.com/web/wp-includes/js/wp-embed.min.js
</script>

Según el más reciente informe de la Oficina de las Naciones Unidas para los Derechos Humanos (ONU), Colombia experimentó un aumento en la cantidad de masacres durante el año 2023. Este informe reveló un incremento del 6.5% en comparación con el año anterior, con un total de 98 casos documentados. Al respecto, Juliette de Rivero, [&hellip;]
