{"version":"1.0","provider_name":"P\u00e1gina10","provider_url":"https:\/\/pagina10.com\/web","author_name":"P\u00e1gina 10","author_url":"https:\/\/pagina10.com\/web\/author\/pdiezadmin\/","title":"Comienzan reuniones para el incremento de salario minimo | P\u00e1gina10","type":"rich","width":600,"height":338,"html":"<blockquote class=\"wp-embedded-content\" data-secret=\"ZyPSyXd76s\"><a href=\"https:\/\/pagina10.com\/web\/comienzan-reuniones-para-el-incremento-de-salario-minimo\/\">Comienzan reuniones para el incremento de salario minimo<\/a><\/blockquote><iframe sandbox=\"allow-scripts\" security=\"restricted\" src=\"https:\/\/pagina10.com\/web\/comienzan-reuniones-para-el-incremento-de-salario-minimo\/embed\/#?secret=ZyPSyXd76s\" width=\"600\" height=\"338\" title=\"\u00abComienzan reuniones para el incremento de salario minimo\u00bb \u2014 P\u00e1gina10\" data-secret=\"ZyPSyXd76s\" frameborder=\"0\" marginwidth=\"0\" marginheight=\"0\" scrolling=\"no\" class=\"wp-embedded-content\"><\/iframe><script>\n\/*! This file is auto-generated *\/\n!function(d,l){\"use strict\";l.querySelector&&d.addEventListener&&\"undefined\"!=typeof URL&&(d.wp=d.wp||{},d.wp.receiveEmbedMessage||(d.wp.receiveEmbedMessage=function(e){var t=e.data;if((t||t.secret||t.message||t.value)&&!\/[^a-zA-Z0-9]\/.test(t.secret)){for(var s,r,n,a=l.querySelectorAll('iframe[data-secret=\"'+t.secret+'\"]'),o=l.querySelectorAll('blockquote[data-secret=\"'+t.secret+'\"]'),c=new RegExp(\"^https?:$\",\"i\"),i=0;i<o.length;i++)o[i].style.display=\"none\";for(i=0;i<a.length;i++)s=a[i],e.source===s.contentWindow&&(s.removeAttribute(\"style\"),\"height\"===t.message?(1e3<(r=parseInt(t.value,10))?r=1e3:~~r<200&&(r=200),s.height=r):\"link\"===t.message&&(r=new URL(s.getAttribute(\"src\")),n=new URL(t.value),c.test(n.protocol))&&n.host===r.host&&l.activeElement===s&&(d.top.location.href=t.value))}},d.addEventListener(\"message\",d.wp.receiveEmbedMessage,!1),l.addEventListener(\"DOMContentLoaded\",function(){for(var e,t,s=l.querySelectorAll(\"iframe.wp-embedded-content\"),r=0;r<s.length;r++)(t=(e=s[r]).getAttribute(\"data-secret\"))||(t=Math.random().toString(36).substring(2,12),e.src+=\"#?secret=\"+t,e.setAttribute(\"data-secret\",t)),e.contentWindow.postMessage({message:\"ready\",secret:t},\"*\")},!1)))}(window,document);\n\/\/# sourceURL=https:\/\/pagina10.com\/web\/wp-includes\/js\/wp-embed.min.js\n<\/script>\n","thumbnail_url":"https:\/\/pagina10.com\/web\/wp-content\/uploads\/2021\/11\/salario-minimo-colombia.jpeg","thumbnail_width":1200,"thumbnail_height":675,"description":"Las negociaciones para concertar el salario m\u00ednimo entre el Gobierno Nacional, los movimientos sindicales y los gremios comenzar\u00edan el pr\u00f3ximo viernes 26 de noviembre. \u201cEl 26 de noviembre se convocar\u00e1 la mesa de concertaci\u00f3n laboral donde estar\u00e1n los trabajadores, Nosotros, como Gobierno, tenemos que garantizarla recuperaci\u00f3n de ingresos laborales durante la pandemia\u201d, explic\u00f3 el ministro [&hellip;]"}

Página10

Página 10

Comienzan reuniones para el incremento de salario minimo | Página10

<blockquote class="wp-embedded-content" data-secret="ZyPSyXd76s"><a href="https://pagina10.com/web/comienzan-reuniones-para-el-incremento-de-salario-minimo/">Comienzan reuniones para el incremento de salario minimo</a></blockquote><iframe sandbox="allow-scripts" security="restricted" src="https://pagina10.com/web/comienzan-reuniones-para-el-incremento-de-salario-minimo/embed/#?secret=ZyPSyXd76s" width="600" height="338" title="«Comienzan reuniones para el incremento de salario minimo» — Página10" data-secret="ZyPSyXd76s" frameborder="0" marginwidth="0" marginheight="0" scrolling="no" class="wp-embedded-content"></iframe><script>
/*! This file is auto-generated */
!function(d,l){"use strict";l.querySelector&&d.addEventListener&&"undefined"!=typeof URL&&(d.wp=d.wp||{},d.wp.receiveEmbedMessage||(d.wp.receiveEmbedMessage=function(e){var t=e.data;if((t||t.secret||t.message||t.value)&&!/[^a-zA-Z0-9]/.test(t.secret)){for(var s,r,n,a=l.querySelectorAll('iframe[data-secret="'+t.secret+'"]'),o=l.querySelectorAll('blockquote[data-secret="'+t.secret+'"]'),c=new RegExp("^https?:$","i"),i=0;i<o.length;i++)o[i].style.display="none";for(i=0;i<a.length;i++)s=a[i],e.source===s.contentWindow&&(s.removeAttribute("style"),"height"===t.message?(1e3<(r=parseInt(t.value,10))?r=1e3:~~r<200&&(r=200),s.height=r):"link"===t.message&&(r=new URL(s.getAttribute("src")),n=new URL(t.value),c.test(n.protocol))&&n.host===r.host&&l.activeElement===s&&(d.top.location.href=t.value))}},d.addEventListener("message",d.wp.receiveEmbedMessage,!1),l.addEventListener("DOMContentLoaded",function(){for(var e,t,s=l.querySelectorAll("iframe.wp-embedded-content"),r=0;r<s.length;r++)(t=(e=s[r]).getAttribute("data-secret"))||(t=Math.random().toString(36).substring(2,12),e.src+="#?secret="+t,e.setAttribute("data-secret",t)),e.contentWindow.postMessage({message:"ready",secret:t},"*")},!1)))}(window,document);
//# sourceURL=https://pagina10.com/web/wp-includes/js/wp-embed.min.js
</script>

Las negociaciones para concertar el salario mínimo entre el Gobierno Nacional, los movimientos sindicales y los gremios comenzarían el próximo viernes 26 de noviembre. “El 26 de noviembre se convocará la mesa de concertación laboral donde estarán los trabajadores, Nosotros, como Gobierno, tenemos que garantizarla recuperación de ingresos laborales durante la pandemia”, explicó el ministro [&hellip;]
