{"version":"1.0","provider_name":"P\u00e1gina10","provider_url":"https:\/\/pagina10.com\/web","author_name":"P\u00e1gina 10","author_url":"https:\/\/pagina10.com\/web\/author\/pdiezadmin\/","title":"Convocatoria: Proyecto Junt@s abre licitaci\u00f3n abierta a cotizar | P\u00e1gina10","type":"rich","width":600,"height":338,"html":"<blockquote class=\"wp-embedded-content\" data-secret=\"k13P4hWNVQ\"><a href=\"https:\/\/pagina10.com\/web\/convocatoria-proyecto-junts-abre-licitacion-abierta-a-cotizar\/\">Convocatoria: Proyecto Junt@s abre licitaci\u00f3n abierta a cotizar<\/a><\/blockquote><iframe sandbox=\"allow-scripts\" security=\"restricted\" src=\"https:\/\/pagina10.com\/web\/convocatoria-proyecto-junts-abre-licitacion-abierta-a-cotizar\/embed\/#?secret=k13P4hWNVQ\" width=\"600\" height=\"338\" title=\"\u00abConvocatoria: Proyecto Junt@s abre licitaci\u00f3n abierta a cotizar\u00bb \u2014 P\u00e1gina10\" data-secret=\"k13P4hWNVQ\" frameborder=\"0\" marginwidth=\"0\" marginheight=\"0\" scrolling=\"no\" class=\"wp-embedded-content\"><\/iframe><script>\n\/*! This file is auto-generated *\/\n!function(d,l){\"use strict\";l.querySelector&&d.addEventListener&&\"undefined\"!=typeof URL&&(d.wp=d.wp||{},d.wp.receiveEmbedMessage||(d.wp.receiveEmbedMessage=function(e){var t=e.data;if((t||t.secret||t.message||t.value)&&!\/[^a-zA-Z0-9]\/.test(t.secret)){for(var s,r,n,a=l.querySelectorAll('iframe[data-secret=\"'+t.secret+'\"]'),o=l.querySelectorAll('blockquote[data-secret=\"'+t.secret+'\"]'),c=new RegExp(\"^https?:$\",\"i\"),i=0;i<o.length;i++)o[i].style.display=\"none\";for(i=0;i<a.length;i++)s=a[i],e.source===s.contentWindow&&(s.removeAttribute(\"style\"),\"height\"===t.message?(1e3<(r=parseInt(t.value,10))?r=1e3:~~r<200&&(r=200),s.height=r):\"link\"===t.message&&(r=new URL(s.getAttribute(\"src\")),n=new URL(t.value),c.test(n.protocol))&&n.host===r.host&&l.activeElement===s&&(d.top.location.href=t.value))}},d.addEventListener(\"message\",d.wp.receiveEmbedMessage,!1),l.addEventListener(\"DOMContentLoaded\",function(){for(var e,t,s=l.querySelectorAll(\"iframe.wp-embedded-content\"),r=0;r<s.length;r++)(t=(e=s[r]).getAttribute(\"data-secret\"))||(t=Math.random().toString(36).substring(2,12),e.src+=\"#?secret=\"+t,e.setAttribute(\"data-secret\",t)),e.contentWindow.postMessage({message:\"ready\",secret:t},\"*\")},!1)))}(window,document);\n\/\/# sourceURL=https:\/\/pagina10.com\/web\/wp-includes\/js\/wp-embed.min.js\n<\/script>\n","thumbnail_url":"https:\/\/pagina10.com\/web\/wp-content\/uploads\/2023\/07\/WhatsApp-Image-2023-07-06-at-9.36.11-AM.jpeg","thumbnail_width":1280,"thumbnail_height":720,"description":"El Proyecto Junt@s que financia la Uni\u00f3n Europea y el Instituto Cam\u00f5es y que implementa la ONG OIKOS Cooperaci\u00f3n y Desarrollo, el cual se implementa en 10 asociaciones juveniles de los municipios de Buesaco, San Lorenzo, Taminango y Tumaco, tiene abierta dos convocatorias de licitaci\u00f3n abierta a cotizar y de invitaci\u00f3n a cotizar. En este [&hellip;]"}

Página10

Página 10

Convocatoria: Proyecto Junt@s abre licitación abierta a cotizar | Página10

<blockquote class="wp-embedded-content" data-secret="k13P4hWNVQ"><a href="https://pagina10.com/web/convocatoria-proyecto-junts-abre-licitacion-abierta-a-cotizar/">Convocatoria: Proyecto Junt@s abre licitación abierta a cotizar</a></blockquote><iframe sandbox="allow-scripts" security="restricted" src="https://pagina10.com/web/convocatoria-proyecto-junts-abre-licitacion-abierta-a-cotizar/embed/#?secret=k13P4hWNVQ" width="600" height="338" title="«Convocatoria: Proyecto Junt@s abre licitación abierta a cotizar» — Página10" data-secret="k13P4hWNVQ" frameborder="0" marginwidth="0" marginheight="0" scrolling="no" class="wp-embedded-content"></iframe><script>
/*! This file is auto-generated */
!function(d,l){"use strict";l.querySelector&&d.addEventListener&&"undefined"!=typeof URL&&(d.wp=d.wp||{},d.wp.receiveEmbedMessage||(d.wp.receiveEmbedMessage=function(e){var t=e.data;if((t||t.secret||t.message||t.value)&&!/[^a-zA-Z0-9]/.test(t.secret)){for(var s,r,n,a=l.querySelectorAll('iframe[data-secret="'+t.secret+'"]'),o=l.querySelectorAll('blockquote[data-secret="'+t.secret+'"]'),c=new RegExp("^https?:$","i"),i=0;i<o.length;i++)o[i].style.display="none";for(i=0;i<a.length;i++)s=a[i],e.source===s.contentWindow&&(s.removeAttribute("style"),"height"===t.message?(1e3<(r=parseInt(t.value,10))?r=1e3:~~r<200&&(r=200),s.height=r):"link"===t.message&&(r=new URL(s.getAttribute("src")),n=new URL(t.value),c.test(n.protocol))&&n.host===r.host&&l.activeElement===s&&(d.top.location.href=t.value))}},d.addEventListener("message",d.wp.receiveEmbedMessage,!1),l.addEventListener("DOMContentLoaded",function(){for(var e,t,s=l.querySelectorAll("iframe.wp-embedded-content"),r=0;r<s.length;r++)(t=(e=s[r]).getAttribute("data-secret"))||(t=Math.random().toString(36).substring(2,12),e.src+="#?secret="+t,e.setAttribute("data-secret",t)),e.contentWindow.postMessage({message:"ready",secret:t},"*")},!1)))}(window,document);
//# sourceURL=https://pagina10.com/web/wp-includes/js/wp-embed.min.js
</script>

El Proyecto Junt@s que financia la Unión Europea y el Instituto Camões y que implementa la ONG OIKOS Cooperación y Desarrollo, el cual se implementa en 10 asociaciones juveniles de los municipios de Buesaco, San Lorenzo, Taminango y Tumaco, tiene abierta dos convocatorias de licitación abierta a cotizar y de invitación a cotizar. En este [&hellip;]
