{"version":"1.0","provider_name":"P\u00e1gina10","provider_url":"https:\/\/pagina10.com\/web","author_name":"Anibal Ar\u00e9valo Rosero","author_url":"https:\/\/pagina10.com\/web\/author\/anibal\/","title":"Deje la arrogancia, alcalde | P\u00e1gina10","type":"rich","width":600,"height":338,"html":"<blockquote class=\"wp-embedded-content\" data-secret=\"pU3b79PWmG\"><a href=\"https:\/\/pagina10.com\/web\/deje-la-arrogancia-alcalde\/\">Deje la arrogancia, alcalde<\/a><\/blockquote><iframe sandbox=\"allow-scripts\" security=\"restricted\" src=\"https:\/\/pagina10.com\/web\/deje-la-arrogancia-alcalde\/embed\/#?secret=pU3b79PWmG\" width=\"600\" height=\"338\" title=\"\u00abDeje la arrogancia, alcalde\u00bb \u2014 P\u00e1gina10\" data-secret=\"pU3b79PWmG\" frameborder=\"0\" marginwidth=\"0\" marginheight=\"0\" scrolling=\"no\" class=\"wp-embedded-content\"><\/iframe><script>\n\/*! This file is auto-generated *\/\n!function(d,l){\"use strict\";l.querySelector&&d.addEventListener&&\"undefined\"!=typeof URL&&(d.wp=d.wp||{},d.wp.receiveEmbedMessage||(d.wp.receiveEmbedMessage=function(e){var t=e.data;if((t||t.secret||t.message||t.value)&&!\/[^a-zA-Z0-9]\/.test(t.secret)){for(var s,r,n,a=l.querySelectorAll('iframe[data-secret=\"'+t.secret+'\"]'),o=l.querySelectorAll('blockquote[data-secret=\"'+t.secret+'\"]'),c=new RegExp(\"^https?:$\",\"i\"),i=0;i<o.length;i++)o[i].style.display=\"none\";for(i=0;i<a.length;i++)s=a[i],e.source===s.contentWindow&&(s.removeAttribute(\"style\"),\"height\"===t.message?(1e3<(r=parseInt(t.value,10))?r=1e3:~~r<200&&(r=200),s.height=r):\"link\"===t.message&&(r=new URL(s.getAttribute(\"src\")),n=new URL(t.value),c.test(n.protocol))&&n.host===r.host&&l.activeElement===s&&(d.top.location.href=t.value))}},d.addEventListener(\"message\",d.wp.receiveEmbedMessage,!1),l.addEventListener(\"DOMContentLoaded\",function(){for(var e,t,s=l.querySelectorAll(\"iframe.wp-embedded-content\"),r=0;r<s.length;r++)(t=(e=s[r]).getAttribute(\"data-secret\"))||(t=Math.random().toString(36).substring(2,12),e.src+=\"#?secret=\"+t,e.setAttribute(\"data-secret\",t)),e.contentWindow.postMessage({message:\"ready\",secret:t},\"*\")},!1)))}(window,document);\n\/\/# sourceURL=https:\/\/pagina10.com\/web\/wp-includes\/js\/wp-embed.min.js\n<\/script>\n","thumbnail_url":"https:\/\/pagina10.com\/web\/wp-content\/uploads\/2015\/11\/f5b77b1c4081df526254513b48fb7b76.jpg","thumbnail_width":635,"thumbnail_height":720,"description":"&nbsp; El consenso general de los habitantes del municipio le hemos pedido al se\u00f1or alcalde de Pasto, Harold Guerrero L\u00f3pez, que escuche el clamor popular. Esta vez al un\u00edsono le hemos dicho que no estamos de acuerdo con la venta de Empopasto por tratarse del mayor y \u00fanico patrimonio p\u00fablico empresarial a nivel local. &nbsp; [&hellip;]"}

Página10

Anibal Arévalo Rosero

Deje la arrogancia, alcalde | Página10

<blockquote class="wp-embedded-content" data-secret="pU3b79PWmG"><a href="https://pagina10.com/web/deje-la-arrogancia-alcalde/">Deje la arrogancia, alcalde</a></blockquote><iframe sandbox="allow-scripts" security="restricted" src="https://pagina10.com/web/deje-la-arrogancia-alcalde/embed/#?secret=pU3b79PWmG" width="600" height="338" title="«Deje la arrogancia, alcalde» — Página10" data-secret="pU3b79PWmG" frameborder="0" marginwidth="0" marginheight="0" scrolling="no" class="wp-embedded-content"></iframe><script>
/*! This file is auto-generated */
!function(d,l){"use strict";l.querySelector&&d.addEventListener&&"undefined"!=typeof URL&&(d.wp=d.wp||{},d.wp.receiveEmbedMessage||(d.wp.receiveEmbedMessage=function(e){var t=e.data;if((t||t.secret||t.message||t.value)&&!/[^a-zA-Z0-9]/.test(t.secret)){for(var s,r,n,a=l.querySelectorAll('iframe[data-secret="'+t.secret+'"]'),o=l.querySelectorAll('blockquote[data-secret="'+t.secret+'"]'),c=new RegExp("^https?:$","i"),i=0;i<o.length;i++)o[i].style.display="none";for(i=0;i<a.length;i++)s=a[i],e.source===s.contentWindow&&(s.removeAttribute("style"),"height"===t.message?(1e3<(r=parseInt(t.value,10))?r=1e3:~~r<200&&(r=200),s.height=r):"link"===t.message&&(r=new URL(s.getAttribute("src")),n=new URL(t.value),c.test(n.protocol))&&n.host===r.host&&l.activeElement===s&&(d.top.location.href=t.value))}},d.addEventListener("message",d.wp.receiveEmbedMessage,!1),l.addEventListener("DOMContentLoaded",function(){for(var e,t,s=l.querySelectorAll("iframe.wp-embedded-content"),r=0;r<s.length;r++)(t=(e=s[r]).getAttribute("data-secret"))||(t=Math.random().toString(36).substring(2,12),e.src+="#?secret="+t,e.setAttribute("data-secret",t)),e.contentWindow.postMessage({message:"ready",secret:t},"*")},!1)))}(window,document);
//# sourceURL=https://pagina10.com/web/wp-includes/js/wp-embed.min.js
</script>

&nbsp; El consenso general de los habitantes del municipio le hemos pedido al señor alcalde de Pasto, Harold Guerrero López, que escuche el clamor popular. Esta vez al unísono le hemos dicho que no estamos de acuerdo con la venta de Empopasto por tratarse del mayor y único patrimonio público empresarial a nivel local. &nbsp; [&hellip;]
