{"version":"1.0","provider_name":"P\u00e1gina10","provider_url":"https:\/\/pagina10.com\/web","author_name":"P\u00e1gina 10","author_url":"https:\/\/pagina10.com\/web\/author\/mcepeda\/","title":"En Pasto disminuyen muertes violentas en un 51% | P\u00e1gina10","type":"rich","width":600,"height":338,"html":"<blockquote class=\"wp-embedded-content\" data-secret=\"7VE4KX9xGc\"><a href=\"https:\/\/pagina10.com\/web\/en-pasto-disminuyen-muertes-violentas-en-un-51\/\">En Pasto disminuyen muertes violentas en un 51%<\/a><\/blockquote><iframe sandbox=\"allow-scripts\" security=\"restricted\" src=\"https:\/\/pagina10.com\/web\/en-pasto-disminuyen-muertes-violentas-en-un-51\/embed\/#?secret=7VE4KX9xGc\" width=\"600\" height=\"338\" title=\"\u00abEn Pasto disminuyen muertes violentas en un 51%\u00bb \u2014 P\u00e1gina10\" data-secret=\"7VE4KX9xGc\" frameborder=\"0\" marginwidth=\"0\" marginheight=\"0\" scrolling=\"no\" class=\"wp-embedded-content\"><\/iframe><script>\n\/*! This file is auto-generated *\/\n!function(d,l){\"use strict\";l.querySelector&&d.addEventListener&&\"undefined\"!=typeof URL&&(d.wp=d.wp||{},d.wp.receiveEmbedMessage||(d.wp.receiveEmbedMessage=function(e){var t=e.data;if((t||t.secret||t.message||t.value)&&!\/[^a-zA-Z0-9]\/.test(t.secret)){for(var s,r,n,a=l.querySelectorAll('iframe[data-secret=\"'+t.secret+'\"]'),o=l.querySelectorAll('blockquote[data-secret=\"'+t.secret+'\"]'),c=new RegExp(\"^https?:$\",\"i\"),i=0;i<o.length;i++)o[i].style.display=\"none\";for(i=0;i<a.length;i++)s=a[i],e.source===s.contentWindow&&(s.removeAttribute(\"style\"),\"height\"===t.message?(1e3<(r=parseInt(t.value,10))?r=1e3:~~r<200&&(r=200),s.height=r):\"link\"===t.message&&(r=new URL(s.getAttribute(\"src\")),n=new URL(t.value),c.test(n.protocol))&&n.host===r.host&&l.activeElement===s&&(d.top.location.href=t.value))}},d.addEventListener(\"message\",d.wp.receiveEmbedMessage,!1),l.addEventListener(\"DOMContentLoaded\",function(){for(var e,t,s=l.querySelectorAll(\"iframe.wp-embedded-content\"),r=0;r<s.length;r++)(t=(e=s[r]).getAttribute(\"data-secret\"))||(t=Math.random().toString(36).substring(2,12),e.src+=\"#?secret=\"+t,e.setAttribute(\"data-secret\",t)),e.contentWindow.postMessage({message:\"ready\",secret:t},\"*\")},!1)))}(window,document);\n\/\/# sourceURL=https:\/\/pagina10.com\/web\/wp-includes\/js\/wp-embed.min.js\n<\/script>\n","thumbnail_url":"https:\/\/pagina10.com\/web\/wp-content\/uploads\/2014\/10\/a47d50278e3f3e6cf9deb553ee744629.jpg","thumbnail_width":960,"thumbnail_height":640,"description":"El tercer trimestre de 2014 representa una disminuci\u00f3n de muertes violentas del 51% en comparaci\u00f3n con el mismo periodo del a\u00f1o anterior, seg\u00fan informe del Observatorio del Delito de la Secretar\u00eda de Gobierno de la Alcald\u00eda de Pasto. \u00c1lvaro Jos\u00e9 Gomezjurado Garz\u00f3n, titular de ese despacho, manifest\u00f3 que esta reducci\u00f3n en los homicidios se logr\u00f3 [&hellip;]"}

Página10

Página 10

En Pasto disminuyen muertes violentas en un 51% | Página10

<blockquote class="wp-embedded-content" data-secret="7VE4KX9xGc"><a href="https://pagina10.com/web/en-pasto-disminuyen-muertes-violentas-en-un-51/">En Pasto disminuyen muertes violentas en un 51%</a></blockquote><iframe sandbox="allow-scripts" security="restricted" src="https://pagina10.com/web/en-pasto-disminuyen-muertes-violentas-en-un-51/embed/#?secret=7VE4KX9xGc" width="600" height="338" title="«En Pasto disminuyen muertes violentas en un 51%» — Página10" data-secret="7VE4KX9xGc" frameborder="0" marginwidth="0" marginheight="0" scrolling="no" class="wp-embedded-content"></iframe><script>
/*! This file is auto-generated */
!function(d,l){"use strict";l.querySelector&&d.addEventListener&&"undefined"!=typeof URL&&(d.wp=d.wp||{},d.wp.receiveEmbedMessage||(d.wp.receiveEmbedMessage=function(e){var t=e.data;if((t||t.secret||t.message||t.value)&&!/[^a-zA-Z0-9]/.test(t.secret)){for(var s,r,n,a=l.querySelectorAll('iframe[data-secret="'+t.secret+'"]'),o=l.querySelectorAll('blockquote[data-secret="'+t.secret+'"]'),c=new RegExp("^https?:$","i"),i=0;i<o.length;i++)o[i].style.display="none";for(i=0;i<a.length;i++)s=a[i],e.source===s.contentWindow&&(s.removeAttribute("style"),"height"===t.message?(1e3<(r=parseInt(t.value,10))?r=1e3:~~r<200&&(r=200),s.height=r):"link"===t.message&&(r=new URL(s.getAttribute("src")),n=new URL(t.value),c.test(n.protocol))&&n.host===r.host&&l.activeElement===s&&(d.top.location.href=t.value))}},d.addEventListener("message",d.wp.receiveEmbedMessage,!1),l.addEventListener("DOMContentLoaded",function(){for(var e,t,s=l.querySelectorAll("iframe.wp-embedded-content"),r=0;r<s.length;r++)(t=(e=s[r]).getAttribute("data-secret"))||(t=Math.random().toString(36).substring(2,12),e.src+="#?secret="+t,e.setAttribute("data-secret",t)),e.contentWindow.postMessage({message:"ready",secret:t},"*")},!1)))}(window,document);
//# sourceURL=https://pagina10.com/web/wp-includes/js/wp-embed.min.js
</script>

El tercer trimestre de 2014 representa una disminución de muertes violentas del 51% en comparación con el mismo periodo del año anterior, según informe del Observatorio del Delito de la Secretaría de Gobierno de la Alcaldía de Pasto. Álvaro José Gomezjurado Garzón, titular de ese despacho, manifestó que esta reducción en los homicidios se logró [&hellip;]
