{"version":"1.0","provider_name":"P\u00e1gina10","provider_url":"https:\/\/pagina10.com\/web","author_name":"P\u00e1gina 10","author_url":"https:\/\/pagina10.com\/web\/author\/mcepeda\/","title":"Gabo regresa a su natal Colombia | P\u00e1gina10","type":"rich","width":600,"height":338,"html":"<blockquote class=\"wp-embedded-content\" data-secret=\"bWE2hTDXFT\"><a href=\"https:\/\/pagina10.com\/web\/gabo-regresa-a-su-natal-colombia\/\">Gabo regresa a su natal Colombia<\/a><\/blockquote><iframe sandbox=\"allow-scripts\" security=\"restricted\" src=\"https:\/\/pagina10.com\/web\/gabo-regresa-a-su-natal-colombia\/embed\/#?secret=bWE2hTDXFT\" width=\"600\" height=\"338\" title=\"\u00abGabo regresa a su natal Colombia\u00bb \u2014 P\u00e1gina10\" data-secret=\"bWE2hTDXFT\" frameborder=\"0\" marginwidth=\"0\" marginheight=\"0\" scrolling=\"no\" class=\"wp-embedded-content\"><\/iframe><script>\n\/*! This file is auto-generated *\/\n!function(d,l){\"use strict\";l.querySelector&&d.addEventListener&&\"undefined\"!=typeof URL&&(d.wp=d.wp||{},d.wp.receiveEmbedMessage||(d.wp.receiveEmbedMessage=function(e){var t=e.data;if((t||t.secret||t.message||t.value)&&!\/[^a-zA-Z0-9]\/.test(t.secret)){for(var s,r,n,a=l.querySelectorAll('iframe[data-secret=\"'+t.secret+'\"]'),o=l.querySelectorAll('blockquote[data-secret=\"'+t.secret+'\"]'),c=new RegExp(\"^https?:$\",\"i\"),i=0;i<o.length;i++)o[i].style.display=\"none\";for(i=0;i<a.length;i++)s=a[i],e.source===s.contentWindow&&(s.removeAttribute(\"style\"),\"height\"===t.message?(1e3<(r=parseInt(t.value,10))?r=1e3:~~r<200&&(r=200),s.height=r):\"link\"===t.message&&(r=new URL(s.getAttribute(\"src\")),n=new URL(t.value),c.test(n.protocol))&&n.host===r.host&&l.activeElement===s&&(d.top.location.href=t.value))}},d.addEventListener(\"message\",d.wp.receiveEmbedMessage,!1),l.addEventListener(\"DOMContentLoaded\",function(){for(var e,t,s=l.querySelectorAll(\"iframe.wp-embedded-content\"),r=0;r<s.length;r++)(t=(e=s[r]).getAttribute(\"data-secret\"))||(t=Math.random().toString(36).substring(2,12),e.src+=\"#?secret=\"+t,e.setAttribute(\"data-secret\",t)),e.contentWindow.postMessage({message:\"ready\",secret:t},\"*\")},!1)))}(window,document);\n\/\/# sourceURL=https:\/\/pagina10.com\/web\/wp-includes\/js\/wp-embed.min.js\n<\/script>\n","thumbnail_url":"https:\/\/pagina10.com\/web\/wp-content\/uploads\/2015\/08\/21bcfb7d42fb45624b57710a2e1a1667.jpg","thumbnail_width":1200,"thumbnail_height":675,"description":"La cenizas del escritor colombiano Gabriel Garc\u00eda M\u00e1rquez ser\u00e1n trasladadas desde M\u00e9xico, donde muri\u00f3, a la ciudad caribe\u00f1a de Cartagena el pr\u00f3ximo mes de diciembre.Las cenizas del novelista colombiano, Premio Nobel 1982, ser\u00e1n exhibidas de forma permanente en un claustro colonial en el centro hist\u00f3rico de la ciudad.Garc\u00eda M\u00e1rquez estableci\u00f3 varias de sus obras en [&hellip;]"}

Página10

Página 10

Gabo regresa a su natal Colombia | Página10

<blockquote class="wp-embedded-content" data-secret="bWE2hTDXFT"><a href="https://pagina10.com/web/gabo-regresa-a-su-natal-colombia/">Gabo regresa a su natal Colombia</a></blockquote><iframe sandbox="allow-scripts" security="restricted" src="https://pagina10.com/web/gabo-regresa-a-su-natal-colombia/embed/#?secret=bWE2hTDXFT" width="600" height="338" title="«Gabo regresa a su natal Colombia» — Página10" data-secret="bWE2hTDXFT" frameborder="0" marginwidth="0" marginheight="0" scrolling="no" class="wp-embedded-content"></iframe><script>
/*! This file is auto-generated */
!function(d,l){"use strict";l.querySelector&&d.addEventListener&&"undefined"!=typeof URL&&(d.wp=d.wp||{},d.wp.receiveEmbedMessage||(d.wp.receiveEmbedMessage=function(e){var t=e.data;if((t||t.secret||t.message||t.value)&&!/[^a-zA-Z0-9]/.test(t.secret)){for(var s,r,n,a=l.querySelectorAll('iframe[data-secret="'+t.secret+'"]'),o=l.querySelectorAll('blockquote[data-secret="'+t.secret+'"]'),c=new RegExp("^https?:$","i"),i=0;i<o.length;i++)o[i].style.display="none";for(i=0;i<a.length;i++)s=a[i],e.source===s.contentWindow&&(s.removeAttribute("style"),"height"===t.message?(1e3<(r=parseInt(t.value,10))?r=1e3:~~r<200&&(r=200),s.height=r):"link"===t.message&&(r=new URL(s.getAttribute("src")),n=new URL(t.value),c.test(n.protocol))&&n.host===r.host&&l.activeElement===s&&(d.top.location.href=t.value))}},d.addEventListener("message",d.wp.receiveEmbedMessage,!1),l.addEventListener("DOMContentLoaded",function(){for(var e,t,s=l.querySelectorAll("iframe.wp-embedded-content"),r=0;r<s.length;r++)(t=(e=s[r]).getAttribute("data-secret"))||(t=Math.random().toString(36).substring(2,12),e.src+="#?secret="+t,e.setAttribute("data-secret",t)),e.contentWindow.postMessage({message:"ready",secret:t},"*")},!1)))}(window,document);
//# sourceURL=https://pagina10.com/web/wp-includes/js/wp-embed.min.js
</script>

La cenizas del escritor colombiano Gabriel García Márquez serán trasladadas desde México, donde murió, a la ciudad caribeña de Cartagena el próximo mes de diciembre.Las cenizas del novelista colombiano, Premio Nobel 1982, serán exhibidas de forma permanente en un claustro colonial en el centro histórico de la ciudad.García Márquez estableció varias de sus obras en [&hellip;]
