{"version":"1.0","provider_name":"P\u00e1gina10","provider_url":"https:\/\/pagina10.com\/web","author_name":"P\u00e1gina 10","author_url":"https:\/\/pagina10.com\/web\/author\/mcepeda\/","title":"Herramientas digitales no remplazan al maestro | P\u00e1gina10","type":"rich","width":600,"height":338,"html":"<blockquote class=\"wp-embedded-content\" data-secret=\"5zdhhIup2I\"><a href=\"https:\/\/pagina10.com\/web\/herramientas-digitales-no-remplazan-al-maestro\/\">Herramientas digitales no remplazan al maestro<\/a><\/blockquote><iframe sandbox=\"allow-scripts\" security=\"restricted\" src=\"https:\/\/pagina10.com\/web\/herramientas-digitales-no-remplazan-al-maestro\/embed\/#?secret=5zdhhIup2I\" width=\"600\" height=\"338\" title=\"\u00abHerramientas digitales no remplazan al maestro\u00bb \u2014 P\u00e1gina10\" data-secret=\"5zdhhIup2I\" frameborder=\"0\" marginwidth=\"0\" marginheight=\"0\" scrolling=\"no\" class=\"wp-embedded-content\"><\/iframe><script>\n\/*! This file is auto-generated *\/\n!function(d,l){\"use strict\";l.querySelector&&d.addEventListener&&\"undefined\"!=typeof URL&&(d.wp=d.wp||{},d.wp.receiveEmbedMessage||(d.wp.receiveEmbedMessage=function(e){var t=e.data;if((t||t.secret||t.message||t.value)&&!\/[^a-zA-Z0-9]\/.test(t.secret)){for(var s,r,n,a=l.querySelectorAll('iframe[data-secret=\"'+t.secret+'\"]'),o=l.querySelectorAll('blockquote[data-secret=\"'+t.secret+'\"]'),c=new RegExp(\"^https?:$\",\"i\"),i=0;i<o.length;i++)o[i].style.display=\"none\";for(i=0;i<a.length;i++)s=a[i],e.source===s.contentWindow&&(s.removeAttribute(\"style\"),\"height\"===t.message?(1e3<(r=parseInt(t.value,10))?r=1e3:~~r<200&&(r=200),s.height=r):\"link\"===t.message&&(r=new URL(s.getAttribute(\"src\")),n=new URL(t.value),c.test(n.protocol))&&n.host===r.host&&l.activeElement===s&&(d.top.location.href=t.value))}},d.addEventListener(\"message\",d.wp.receiveEmbedMessage,!1),l.addEventListener(\"DOMContentLoaded\",function(){for(var e,t,s=l.querySelectorAll(\"iframe.wp-embedded-content\"),r=0;r<s.length;r++)(t=(e=s[r]).getAttribute(\"data-secret\"))||(t=Math.random().toString(36).substring(2,12),e.src+=\"#?secret=\"+t,e.setAttribute(\"data-secret\",t)),e.contentWindow.postMessage({message:\"ready\",secret:t},\"*\")},!1)))}(window,document);\n\/\/# sourceURL=https:\/\/pagina10.com\/web\/wp-includes\/js\/wp-embed.min.js\n<\/script>\n","thumbnail_url":"https:\/\/pagina10.com\/web\/wp-content\/uploads\/2015\/11\/45d529608240a6b2533e15991c1957f1.jpg","thumbnail_width":1600,"thumbnail_height":1200,"description":"Aunque los menores desde los ocho y los j\u00f3venes hasta los 18 a\u00f1os usan medios digitales incluso durante siete horas diarias, estos son solo una herramienta de apoyo para el aprendizaje As\u00ed lo evidenci\u00f3 en una de sus investigaciones Enrique Hinostroza, director del Instituto de Informaci\u00f3n Educativa de la Universidad de La Frontera, en Chile, [&hellip;]"}

Página10

Página 10

Herramientas digitales no remplazan al maestro | Página10

<blockquote class="wp-embedded-content" data-secret="5zdhhIup2I"><a href="https://pagina10.com/web/herramientas-digitales-no-remplazan-al-maestro/">Herramientas digitales no remplazan al maestro</a></blockquote><iframe sandbox="allow-scripts" security="restricted" src="https://pagina10.com/web/herramientas-digitales-no-remplazan-al-maestro/embed/#?secret=5zdhhIup2I" width="600" height="338" title="«Herramientas digitales no remplazan al maestro» — Página10" data-secret="5zdhhIup2I" frameborder="0" marginwidth="0" marginheight="0" scrolling="no" class="wp-embedded-content"></iframe><script>
/*! This file is auto-generated */
!function(d,l){"use strict";l.querySelector&&d.addEventListener&&"undefined"!=typeof URL&&(d.wp=d.wp||{},d.wp.receiveEmbedMessage||(d.wp.receiveEmbedMessage=function(e){var t=e.data;if((t||t.secret||t.message||t.value)&&!/[^a-zA-Z0-9]/.test(t.secret)){for(var s,r,n,a=l.querySelectorAll('iframe[data-secret="'+t.secret+'"]'),o=l.querySelectorAll('blockquote[data-secret="'+t.secret+'"]'),c=new RegExp("^https?:$","i"),i=0;i<o.length;i++)o[i].style.display="none";for(i=0;i<a.length;i++)s=a[i],e.source===s.contentWindow&&(s.removeAttribute("style"),"height"===t.message?(1e3<(r=parseInt(t.value,10))?r=1e3:~~r<200&&(r=200),s.height=r):"link"===t.message&&(r=new URL(s.getAttribute("src")),n=new URL(t.value),c.test(n.protocol))&&n.host===r.host&&l.activeElement===s&&(d.top.location.href=t.value))}},d.addEventListener("message",d.wp.receiveEmbedMessage,!1),l.addEventListener("DOMContentLoaded",function(){for(var e,t,s=l.querySelectorAll("iframe.wp-embedded-content"),r=0;r<s.length;r++)(t=(e=s[r]).getAttribute("data-secret"))||(t=Math.random().toString(36).substring(2,12),e.src+="#?secret="+t,e.setAttribute("data-secret",t)),e.contentWindow.postMessage({message:"ready",secret:t},"*")},!1)))}(window,document);
//# sourceURL=https://pagina10.com/web/wp-includes/js/wp-embed.min.js
</script>

Aunque los menores desde los ocho y los jóvenes hasta los 18 años usan medios digitales incluso durante siete horas diarias, estos son solo una herramienta de apoyo para el aprendizaje Así lo evidenció en una de sus investigaciones Enrique Hinostroza, director del Instituto de Información Educativa de la Universidad de La Frontera, en Chile, [&hellip;]
