{"version":"1.0","provider_name":"P\u00e1gina10","provider_url":"https:\/\/pagina10.com\/web","author_name":"P\u00e1gina 10","author_url":"https:\/\/pagina10.com\/web\/author\/mcepeda\/","title":"Jornada de horror vivi\u00f3 Paris por atentados terroristas | P\u00e1gina10","type":"rich","width":600,"height":338,"html":"<blockquote class=\"wp-embedded-content\" data-secret=\"2FJZWk7yRb\"><a href=\"https:\/\/pagina10.com\/web\/jornada-de-horror-vivio-paris-por-atentados-terroristas\/\">Jornada de horror vivi\u00f3 Paris por atentados terroristas<\/a><\/blockquote><iframe sandbox=\"allow-scripts\" security=\"restricted\" src=\"https:\/\/pagina10.com\/web\/jornada-de-horror-vivio-paris-por-atentados-terroristas\/embed\/#?secret=2FJZWk7yRb\" width=\"600\" height=\"338\" title=\"\u00abJornada de horror vivi\u00f3 Paris por atentados terroristas\u00bb \u2014 P\u00e1gina10\" data-secret=\"2FJZWk7yRb\" frameborder=\"0\" marginwidth=\"0\" marginheight=\"0\" scrolling=\"no\" class=\"wp-embedded-content\"><\/iframe><script>\n\/*! This file is auto-generated *\/\n!function(d,l){\"use strict\";l.querySelector&&d.addEventListener&&\"undefined\"!=typeof URL&&(d.wp=d.wp||{},d.wp.receiveEmbedMessage||(d.wp.receiveEmbedMessage=function(e){var t=e.data;if((t||t.secret||t.message||t.value)&&!\/[^a-zA-Z0-9]\/.test(t.secret)){for(var s,r,n,a=l.querySelectorAll('iframe[data-secret=\"'+t.secret+'\"]'),o=l.querySelectorAll('blockquote[data-secret=\"'+t.secret+'\"]'),c=new RegExp(\"^https?:$\",\"i\"),i=0;i<o.length;i++)o[i].style.display=\"none\";for(i=0;i<a.length;i++)s=a[i],e.source===s.contentWindow&&(s.removeAttribute(\"style\"),\"height\"===t.message?(1e3<(r=parseInt(t.value,10))?r=1e3:~~r<200&&(r=200),s.height=r):\"link\"===t.message&&(r=new URL(s.getAttribute(\"src\")),n=new URL(t.value),c.test(n.protocol))&&n.host===r.host&&l.activeElement===s&&(d.top.location.href=t.value))}},d.addEventListener(\"message\",d.wp.receiveEmbedMessage,!1),l.addEventListener(\"DOMContentLoaded\",function(){for(var e,t,s=l.querySelectorAll(\"iframe.wp-embedded-content\"),r=0;r<s.length;r++)(t=(e=s[r]).getAttribute(\"data-secret\"))||(t=Math.random().toString(36).substring(2,12),e.src+=\"#?secret=\"+t,e.setAttribute(\"data-secret\",t)),e.contentWindow.postMessage({message:\"ready\",secret:t},\"*\")},!1)))}(window,document);\n\/\/# sourceURL=https:\/\/pagina10.com\/web\/wp-includes\/js\/wp-embed.min.js\n<\/script>\n","thumbnail_url":"https:\/\/pagina10.com\/web\/wp-content\/uploads\/2015\/11\/baff6fdd48e83d808c46ad95e0e57579.jpg","thumbnail_width":660,"thumbnail_height":371,"description":"El presidente de Francia, Fran\u00e7ois Hollande, declar\u00f3 estado de emergencia, luego que al menos 120 personas murieron y varios quedaron heridas en una serie de ataques ocurridos este viernes en Par\u00eds. El mandatario tambi\u00e9n anunci\u00f3 que la circulaci\u00f3n quedar\u00e1 prohibida dentro de la Isla de Francia, el coraz\u00f3n de la capital francesa, y restableci\u00f3 el [&hellip;]"}

Página10

Página 10

Jornada de horror vivió Paris por atentados terroristas | Página10

<blockquote class="wp-embedded-content" data-secret="2FJZWk7yRb"><a href="https://pagina10.com/web/jornada-de-horror-vivio-paris-por-atentados-terroristas/">Jornada de horror vivió Paris por atentados terroristas</a></blockquote><iframe sandbox="allow-scripts" security="restricted" src="https://pagina10.com/web/jornada-de-horror-vivio-paris-por-atentados-terroristas/embed/#?secret=2FJZWk7yRb" width="600" height="338" title="«Jornada de horror vivió Paris por atentados terroristas» — Página10" data-secret="2FJZWk7yRb" frameborder="0" marginwidth="0" marginheight="0" scrolling="no" class="wp-embedded-content"></iframe><script>
/*! This file is auto-generated */
!function(d,l){"use strict";l.querySelector&&d.addEventListener&&"undefined"!=typeof URL&&(d.wp=d.wp||{},d.wp.receiveEmbedMessage||(d.wp.receiveEmbedMessage=function(e){var t=e.data;if((t||t.secret||t.message||t.value)&&!/[^a-zA-Z0-9]/.test(t.secret)){for(var s,r,n,a=l.querySelectorAll('iframe[data-secret="'+t.secret+'"]'),o=l.querySelectorAll('blockquote[data-secret="'+t.secret+'"]'),c=new RegExp("^https?:$","i"),i=0;i<o.length;i++)o[i].style.display="none";for(i=0;i<a.length;i++)s=a[i],e.source===s.contentWindow&&(s.removeAttribute("style"),"height"===t.message?(1e3<(r=parseInt(t.value,10))?r=1e3:~~r<200&&(r=200),s.height=r):"link"===t.message&&(r=new URL(s.getAttribute("src")),n=new URL(t.value),c.test(n.protocol))&&n.host===r.host&&l.activeElement===s&&(d.top.location.href=t.value))}},d.addEventListener("message",d.wp.receiveEmbedMessage,!1),l.addEventListener("DOMContentLoaded",function(){for(var e,t,s=l.querySelectorAll("iframe.wp-embedded-content"),r=0;r<s.length;r++)(t=(e=s[r]).getAttribute("data-secret"))||(t=Math.random().toString(36).substring(2,12),e.src+="#?secret="+t,e.setAttribute("data-secret",t)),e.contentWindow.postMessage({message:"ready",secret:t},"*")},!1)))}(window,document);
//# sourceURL=https://pagina10.com/web/wp-includes/js/wp-embed.min.js
</script>

El presidente de Francia, François Hollande, declaró estado de emergencia, luego que al menos 120 personas murieron y varios quedaron heridas en una serie de ataques ocurridos este viernes en París. El mandatario también anunció que la circulación quedará prohibida dentro de la Isla de Francia, el corazón de la capital francesa, y restableció el [&hellip;]
