{"version":"1.0","provider_name":"P\u00e1gina10","provider_url":"https:\/\/pagina10.com\/web","author_name":"P\u00e1gina 10","author_url":"https:\/\/pagina10.com\/web\/author\/pdiezadmin\/","title":"Paloma Valencia busca ser candidata presidencial en 2026 | P\u00e1gina10","type":"rich","width":600,"height":338,"html":"<blockquote class=\"wp-embedded-content\" data-secret=\"sSBzqbuEwL\"><a href=\"https:\/\/pagina10.com\/web\/paloma-valencia-busca-ser-candidata-presidencial-en-2026\/\">Paloma Valencia busca ser candidata presidencial en 2026<\/a><\/blockquote><iframe sandbox=\"allow-scripts\" security=\"restricted\" src=\"https:\/\/pagina10.com\/web\/paloma-valencia-busca-ser-candidata-presidencial-en-2026\/embed\/#?secret=sSBzqbuEwL\" width=\"600\" height=\"338\" title=\"\u00abPaloma Valencia busca ser candidata presidencial en 2026\u00bb \u2014 P\u00e1gina10\" data-secret=\"sSBzqbuEwL\" frameborder=\"0\" marginwidth=\"0\" marginheight=\"0\" scrolling=\"no\" class=\"wp-embedded-content\"><\/iframe><script>\n\/*! This file is auto-generated *\/\n!function(d,l){\"use strict\";l.querySelector&&d.addEventListener&&\"undefined\"!=typeof URL&&(d.wp=d.wp||{},d.wp.receiveEmbedMessage||(d.wp.receiveEmbedMessage=function(e){var t=e.data;if((t||t.secret||t.message||t.value)&&!\/[^a-zA-Z0-9]\/.test(t.secret)){for(var s,r,n,a=l.querySelectorAll('iframe[data-secret=\"'+t.secret+'\"]'),o=l.querySelectorAll('blockquote[data-secret=\"'+t.secret+'\"]'),c=new RegExp(\"^https?:$\",\"i\"),i=0;i<o.length;i++)o[i].style.display=\"none\";for(i=0;i<a.length;i++)s=a[i],e.source===s.contentWindow&&(s.removeAttribute(\"style\"),\"height\"===t.message?(1e3<(r=parseInt(t.value,10))?r=1e3:~~r<200&&(r=200),s.height=r):\"link\"===t.message&&(r=new URL(s.getAttribute(\"src\")),n=new URL(t.value),c.test(n.protocol))&&n.host===r.host&&l.activeElement===s&&(d.top.location.href=t.value))}},d.addEventListener(\"message\",d.wp.receiveEmbedMessage,!1),l.addEventListener(\"DOMContentLoaded\",function(){for(var e,t,s=l.querySelectorAll(\"iframe.wp-embedded-content\"),r=0;r<s.length;r++)(t=(e=s[r]).getAttribute(\"data-secret\"))||(t=Math.random().toString(36).substring(2,12),e.src+=\"#?secret=\"+t,e.setAttribute(\"data-secret\",t)),e.contentWindow.postMessage({message:\"ready\",secret:t},\"*\")},!1)))}(window,document);\n\/\/# sourceURL=https:\/\/pagina10.com\/web\/wp-includes\/js\/wp-embed.min.js\n<\/script>\n","thumbnail_url":"https:\/\/pagina10.com\/web\/wp-content\/uploads\/2023\/11\/62f3a38d00628.jpeg","thumbnail_width":640,"thumbnail_height":360,"description":"La senadora Paloma Valencia anunci\u00f3 sus aspiraciones a la Presidencia de Colombia en 2026, buscando ser la candidata del Centro Democr\u00e1tico, principal partido de oposici\u00f3n al Gobierno de Gustavo Petro. Valencia expres\u00f3 su deseo de liderar una Colombia productiva, centrada en la seguridad y con un enfoque en generar un futuro prometedor para los j\u00f3venes, [&hellip;]"}

Página10

Página 10

Paloma Valencia busca ser candidata presidencial en 2026 | Página10

<blockquote class="wp-embedded-content" data-secret="sSBzqbuEwL"><a href="https://pagina10.com/web/paloma-valencia-busca-ser-candidata-presidencial-en-2026/">Paloma Valencia busca ser candidata presidencial en 2026</a></blockquote><iframe sandbox="allow-scripts" security="restricted" src="https://pagina10.com/web/paloma-valencia-busca-ser-candidata-presidencial-en-2026/embed/#?secret=sSBzqbuEwL" width="600" height="338" title="«Paloma Valencia busca ser candidata presidencial en 2026» — Página10" data-secret="sSBzqbuEwL" frameborder="0" marginwidth="0" marginheight="0" scrolling="no" class="wp-embedded-content"></iframe><script>
/*! This file is auto-generated */
!function(d,l){"use strict";l.querySelector&&d.addEventListener&&"undefined"!=typeof URL&&(d.wp=d.wp||{},d.wp.receiveEmbedMessage||(d.wp.receiveEmbedMessage=function(e){var t=e.data;if((t||t.secret||t.message||t.value)&&!/[^a-zA-Z0-9]/.test(t.secret)){for(var s,r,n,a=l.querySelectorAll('iframe[data-secret="'+t.secret+'"]'),o=l.querySelectorAll('blockquote[data-secret="'+t.secret+'"]'),c=new RegExp("^https?:$","i"),i=0;i<o.length;i++)o[i].style.display="none";for(i=0;i<a.length;i++)s=a[i],e.source===s.contentWindow&&(s.removeAttribute("style"),"height"===t.message?(1e3<(r=parseInt(t.value,10))?r=1e3:~~r<200&&(r=200),s.height=r):"link"===t.message&&(r=new URL(s.getAttribute("src")),n=new URL(t.value),c.test(n.protocol))&&n.host===r.host&&l.activeElement===s&&(d.top.location.href=t.value))}},d.addEventListener("message",d.wp.receiveEmbedMessage,!1),l.addEventListener("DOMContentLoaded",function(){for(var e,t,s=l.querySelectorAll("iframe.wp-embedded-content"),r=0;r<s.length;r++)(t=(e=s[r]).getAttribute("data-secret"))||(t=Math.random().toString(36).substring(2,12),e.src+="#?secret="+t,e.setAttribute("data-secret",t)),e.contentWindow.postMessage({message:"ready",secret:t},"*")},!1)))}(window,document);
//# sourceURL=https://pagina10.com/web/wp-includes/js/wp-embed.min.js
</script>

La senadora Paloma Valencia anunció sus aspiraciones a la Presidencia de Colombia en 2026, buscando ser la candidata del Centro Democrático, principal partido de oposición al Gobierno de Gustavo Petro. Valencia expresó su deseo de liderar una Colombia productiva, centrada en la seguridad y con un enfoque en generar un futuro prometedor para los jóvenes, [&hellip;]
