{"version":"1.0","provider_name":"P\u00e1gina10","provider_url":"https:\/\/pagina10.com\/web","author_name":"P\u00e1gina 10","author_url":"https:\/\/pagina10.com\/web\/author\/pdiezadmin\/","title":"Petro anuncia nuevas caras para su gabinete | P\u00e1gina10","type":"rich","width":600,"height":338,"html":"<blockquote class=\"wp-embedded-content\" data-secret=\"FXCsE2mkM5\"><a href=\"https:\/\/pagina10.com\/web\/petro-anuncia-nuevas-caras-para-su-gabinete\/\">Petro anuncia nuevas caras para su gabinete<\/a><\/blockquote><iframe sandbox=\"allow-scripts\" security=\"restricted\" src=\"https:\/\/pagina10.com\/web\/petro-anuncia-nuevas-caras-para-su-gabinete\/embed\/#?secret=FXCsE2mkM5\" width=\"600\" height=\"338\" title=\"\u00abPetro anuncia nuevas caras para su gabinete\u00bb \u2014 P\u00e1gina10\" data-secret=\"FXCsE2mkM5\" frameborder=\"0\" marginwidth=\"0\" marginheight=\"0\" scrolling=\"no\" class=\"wp-embedded-content\"><\/iframe><script>\n\/*! This file is auto-generated *\/\n!function(d,l){\"use strict\";l.querySelector&&d.addEventListener&&\"undefined\"!=typeof URL&&(d.wp=d.wp||{},d.wp.receiveEmbedMessage||(d.wp.receiveEmbedMessage=function(e){var t=e.data;if((t||t.secret||t.message||t.value)&&!\/[^a-zA-Z0-9]\/.test(t.secret)){for(var s,r,n,a=l.querySelectorAll('iframe[data-secret=\"'+t.secret+'\"]'),o=l.querySelectorAll('blockquote[data-secret=\"'+t.secret+'\"]'),c=new RegExp(\"^https?:$\",\"i\"),i=0;i<o.length;i++)o[i].style.display=\"none\";for(i=0;i<a.length;i++)s=a[i],e.source===s.contentWindow&&(s.removeAttribute(\"style\"),\"height\"===t.message?(1e3<(r=parseInt(t.value,10))?r=1e3:~~r<200&&(r=200),s.height=r):\"link\"===t.message&&(r=new URL(s.getAttribute(\"src\")),n=new URL(t.value),c.test(n.protocol))&&n.host===r.host&&l.activeElement===s&&(d.top.location.href=t.value))}},d.addEventListener(\"message\",d.wp.receiveEmbedMessage,!1),l.addEventListener(\"DOMContentLoaded\",function(){for(var e,t,s=l.querySelectorAll(\"iframe.wp-embedded-content\"),r=0;r<s.length;r++)(t=(e=s[r]).getAttribute(\"data-secret\"))||(t=Math.random().toString(36).substring(2,12),e.src+=\"#?secret=\"+t,e.setAttribute(\"data-secret\",t)),e.contentWindow.postMessage({message:\"ready\",secret:t},\"*\")},!1)))}(window,document);\n\/\/# sourceURL=https:\/\/pagina10.com\/web\/wp-includes\/js\/wp-embed.min.js\n<\/script>\n","thumbnail_url":"https:\/\/pagina10.com\/web\/wp-content\/uploads\/2022\/07\/Luis_Gilberto_Murillo.png","thumbnail_width":1320,"thumbnail_height":872,"description":"Hace pocos minutos el presidente electo Gustavo Petro anunci\u00f3 que Luis Gilberto Murillo, ex f\u00f3rmula vicepresidencial de Sergio Fajardo, ser\u00e1 el nuevo embajador de Colombia en los Estados Unidos. El mandatario dio a conocer la noticia a trav\u00e9s de su cuenta de Twitter. Murillo de 55 a\u00f1os es ingeniero de minas. Fue elegido Gobernador del [&hellip;]"}

Página10

Página 10

Petro anuncia nuevas caras para su gabinete | Página10

<blockquote class="wp-embedded-content" data-secret="FXCsE2mkM5"><a href="https://pagina10.com/web/petro-anuncia-nuevas-caras-para-su-gabinete/">Petro anuncia nuevas caras para su gabinete</a></blockquote><iframe sandbox="allow-scripts" security="restricted" src="https://pagina10.com/web/petro-anuncia-nuevas-caras-para-su-gabinete/embed/#?secret=FXCsE2mkM5" width="600" height="338" title="«Petro anuncia nuevas caras para su gabinete» — Página10" data-secret="FXCsE2mkM5" frameborder="0" marginwidth="0" marginheight="0" scrolling="no" class="wp-embedded-content"></iframe><script>
/*! This file is auto-generated */
!function(d,l){"use strict";l.querySelector&&d.addEventListener&&"undefined"!=typeof URL&&(d.wp=d.wp||{},d.wp.receiveEmbedMessage||(d.wp.receiveEmbedMessage=function(e){var t=e.data;if((t||t.secret||t.message||t.value)&&!/[^a-zA-Z0-9]/.test(t.secret)){for(var s,r,n,a=l.querySelectorAll('iframe[data-secret="'+t.secret+'"]'),o=l.querySelectorAll('blockquote[data-secret="'+t.secret+'"]'),c=new RegExp("^https?:$","i"),i=0;i<o.length;i++)o[i].style.display="none";for(i=0;i<a.length;i++)s=a[i],e.source===s.contentWindow&&(s.removeAttribute("style"),"height"===t.message?(1e3<(r=parseInt(t.value,10))?r=1e3:~~r<200&&(r=200),s.height=r):"link"===t.message&&(r=new URL(s.getAttribute("src")),n=new URL(t.value),c.test(n.protocol))&&n.host===r.host&&l.activeElement===s&&(d.top.location.href=t.value))}},d.addEventListener("message",d.wp.receiveEmbedMessage,!1),l.addEventListener("DOMContentLoaded",function(){for(var e,t,s=l.querySelectorAll("iframe.wp-embedded-content"),r=0;r<s.length;r++)(t=(e=s[r]).getAttribute("data-secret"))||(t=Math.random().toString(36).substring(2,12),e.src+="#?secret="+t,e.setAttribute("data-secret",t)),e.contentWindow.postMessage({message:"ready",secret:t},"*")},!1)))}(window,document);
//# sourceURL=https://pagina10.com/web/wp-includes/js/wp-embed.min.js
</script>

Hace pocos minutos el presidente electo Gustavo Petro anunció que Luis Gilberto Murillo, ex fórmula vicepresidencial de Sergio Fajardo, será el nuevo embajador de Colombia en los Estados Unidos. El mandatario dio a conocer la noticia a través de su cuenta de Twitter. Murillo de 55 años es ingeniero de minas. Fue elegido Gobernador del [&hellip;]
