{"version":"1.0","provider_name":"P\u00e1gina10","provider_url":"https:\/\/pagina10.com\/web","author_name":"P\u00e1gina 10","author_url":"https:\/\/pagina10.com\/web\/author\/pdiezadmin\/","title":"Dejaron de soplar los vientos del sur: Petro le incumpli\u00f3 la doble calzada a Nari\u00f1o | P\u00e1gina10","type":"rich","width":600,"height":338,"html":"<blockquote class=\"wp-embedded-content\" data-secret=\"hlYd8kVTgn\"><a href=\"https:\/\/pagina10.com\/web\/petro-le-incumplio-la-doble-calzada-a-narino\/\">Dejaron de soplar los vientos del sur: Petro le incumpli\u00f3 la doble calzada a Nari\u00f1o<\/a><\/blockquote><iframe sandbox=\"allow-scripts\" security=\"restricted\" src=\"https:\/\/pagina10.com\/web\/petro-le-incumplio-la-doble-calzada-a-narino\/embed\/#?secret=hlYd8kVTgn\" width=\"600\" height=\"338\" title=\"\u00abDejaron de soplar los vientos del sur: Petro le incumpli\u00f3 la doble calzada a Nari\u00f1o\u00bb \u2014 P\u00e1gina10\" data-secret=\"hlYd8kVTgn\" frameborder=\"0\" marginwidth=\"0\" marginheight=\"0\" scrolling=\"no\" class=\"wp-embedded-content\"><\/iframe><script>\n\/*! This file is auto-generated *\/\n!function(d,l){\"use strict\";l.querySelector&&d.addEventListener&&\"undefined\"!=typeof URL&&(d.wp=d.wp||{},d.wp.receiveEmbedMessage||(d.wp.receiveEmbedMessage=function(e){var t=e.data;if((t||t.secret||t.message||t.value)&&!\/[^a-zA-Z0-9]\/.test(t.secret)){for(var s,r,n,a=l.querySelectorAll('iframe[data-secret=\"'+t.secret+'\"]'),o=l.querySelectorAll('blockquote[data-secret=\"'+t.secret+'\"]'),c=new RegExp(\"^https?:$\",\"i\"),i=0;i<o.length;i++)o[i].style.display=\"none\";for(i=0;i<a.length;i++)s=a[i],e.source===s.contentWindow&&(s.removeAttribute(\"style\"),\"height\"===t.message?(1e3<(r=parseInt(t.value,10))?r=1e3:~~r<200&&(r=200),s.height=r):\"link\"===t.message&&(r=new URL(s.getAttribute(\"src\")),n=new URL(t.value),c.test(n.protocol))&&n.host===r.host&&l.activeElement===s&&(d.top.location.href=t.value))}},d.addEventListener(\"message\",d.wp.receiveEmbedMessage,!1),l.addEventListener(\"DOMContentLoaded\",function(){for(var e,t,s=l.querySelectorAll(\"iframe.wp-embedded-content\"),r=0;r<s.length;r++)(t=(e=s[r]).getAttribute(\"data-secret\"))||(t=Math.random().toString(36).substring(2,12),e.src+=\"#?secret=\"+t,e.setAttribute(\"data-secret\",t)),e.contentWindow.postMessage({message:\"ready\",secret:t},\"*\")},!1)))}(window,document);\n\/\/# sourceURL=https:\/\/pagina10.com\/web\/wp-includes\/js\/wp-embed.min.js\n<\/script>\n","thumbnail_url":"https:\/\/pagina10.com\/web\/wp-content\/uploads\/2024\/04\/FunPic_20240413_204410929.jpg","thumbnail_width":1920,"thumbnail_height":1280,"description":"En medio de un debate de Control Pol\u00edtico la Senadora Liliana Benavides Solarte, del partido Conservador, hizo eco de la creciente preocupaci\u00f3n ciudadana sobre el desarrollo de la obra Rumichaca &#8211; Popay\u00e1n y la falta de un marco fiscal que proteja estas intervenciones viales fundamentales para el departamento de Nari\u00f1o. En su intervenci\u00f3n expres\u00f3 su [&hellip;]"}

Página10

Página 10

Dejaron de soplar los vientos del sur: Petro le incumplió la doble calzada a Nariño | Página10

<blockquote class="wp-embedded-content" data-secret="hlYd8kVTgn"><a href="https://pagina10.com/web/petro-le-incumplio-la-doble-calzada-a-narino/">Dejaron de soplar los vientos del sur: Petro le incumplió la doble calzada a Nariño</a></blockquote><iframe sandbox="allow-scripts" security="restricted" src="https://pagina10.com/web/petro-le-incumplio-la-doble-calzada-a-narino/embed/#?secret=hlYd8kVTgn" width="600" height="338" title="«Dejaron de soplar los vientos del sur: Petro le incumplió la doble calzada a Nariño» — Página10" data-secret="hlYd8kVTgn" frameborder="0" marginwidth="0" marginheight="0" scrolling="no" class="wp-embedded-content"></iframe><script>
/*! This file is auto-generated */
!function(d,l){"use strict";l.querySelector&&d.addEventListener&&"undefined"!=typeof URL&&(d.wp=d.wp||{},d.wp.receiveEmbedMessage||(d.wp.receiveEmbedMessage=function(e){var t=e.data;if((t||t.secret||t.message||t.value)&&!/[^a-zA-Z0-9]/.test(t.secret)){for(var s,r,n,a=l.querySelectorAll('iframe[data-secret="'+t.secret+'"]'),o=l.querySelectorAll('blockquote[data-secret="'+t.secret+'"]'),c=new RegExp("^https?:$","i"),i=0;i<o.length;i++)o[i].style.display="none";for(i=0;i<a.length;i++)s=a[i],e.source===s.contentWindow&&(s.removeAttribute("style"),"height"===t.message?(1e3<(r=parseInt(t.value,10))?r=1e3:~~r<200&&(r=200),s.height=r):"link"===t.message&&(r=new URL(s.getAttribute("src")),n=new URL(t.value),c.test(n.protocol))&&n.host===r.host&&l.activeElement===s&&(d.top.location.href=t.value))}},d.addEventListener("message",d.wp.receiveEmbedMessage,!1),l.addEventListener("DOMContentLoaded",function(){for(var e,t,s=l.querySelectorAll("iframe.wp-embedded-content"),r=0;r<s.length;r++)(t=(e=s[r]).getAttribute("data-secret"))||(t=Math.random().toString(36).substring(2,12),e.src+="#?secret="+t,e.setAttribute("data-secret",t)),e.contentWindow.postMessage({message:"ready",secret:t},"*")},!1)))}(window,document);
//# sourceURL=https://pagina10.com/web/wp-includes/js/wp-embed.min.js
</script>

En medio de un debate de Control Político la Senadora Liliana Benavides Solarte, del partido Conservador, hizo eco de la creciente preocupación ciudadana sobre el desarrollo de la obra Rumichaca &#8211; Popayán y la falta de un marco fiscal que proteja estas intervenciones viales fundamentales para el departamento de Nariño. En su intervención expresó su [&hellip;]
