{"version":"1.0","provider_name":"P\u00e1gina10","provider_url":"https:\/\/pagina10.com\/web","author_name":"P\u00e1gina 10","author_url":"https:\/\/pagina10.com\/web\/author\/pdiezadmin\/","title":"Prelanzamiento Feria Binacional ExpoFronteras | P\u00e1gina10","type":"rich","width":600,"height":338,"html":"<blockquote class=\"wp-embedded-content\" data-secret=\"452RLpKdF9\"><a href=\"https:\/\/pagina10.com\/web\/prelanzamiento-feria-binacional-expofronteras\/\">Prelanzamiento Feria Binacional ExpoFronteras<\/a><\/blockquote><iframe sandbox=\"allow-scripts\" security=\"restricted\" src=\"https:\/\/pagina10.com\/web\/prelanzamiento-feria-binacional-expofronteras\/embed\/#?secret=452RLpKdF9\" width=\"600\" height=\"338\" title=\"\u00abPrelanzamiento Feria Binacional ExpoFronteras\u00bb \u2014 P\u00e1gina10\" data-secret=\"452RLpKdF9\" frameborder=\"0\" marginwidth=\"0\" marginheight=\"0\" scrolling=\"no\" class=\"wp-embedded-content\"><\/iframe><script>\n\/*! This file is auto-generated *\/\n!function(d,l){\"use strict\";l.querySelector&&d.addEventListener&&\"undefined\"!=typeof URL&&(d.wp=d.wp||{},d.wp.receiveEmbedMessage||(d.wp.receiveEmbedMessage=function(e){var t=e.data;if((t||t.secret||t.message||t.value)&&!\/[^a-zA-Z0-9]\/.test(t.secret)){for(var s,r,n,a=l.querySelectorAll('iframe[data-secret=\"'+t.secret+'\"]'),o=l.querySelectorAll('blockquote[data-secret=\"'+t.secret+'\"]'),c=new RegExp(\"^https?:$\",\"i\"),i=0;i<o.length;i++)o[i].style.display=\"none\";for(i=0;i<a.length;i++)s=a[i],e.source===s.contentWindow&&(s.removeAttribute(\"style\"),\"height\"===t.message?(1e3<(r=parseInt(t.value,10))?r=1e3:~~r<200&&(r=200),s.height=r):\"link\"===t.message&&(r=new URL(s.getAttribute(\"src\")),n=new URL(t.value),c.test(n.protocol))&&n.host===r.host&&l.activeElement===s&&(d.top.location.href=t.value))}},d.addEventListener(\"message\",d.wp.receiveEmbedMessage,!1),l.addEventListener(\"DOMContentLoaded\",function(){for(var e,t,s=l.querySelectorAll(\"iframe.wp-embedded-content\"),r=0;r<s.length;r++)(t=(e=s[r]).getAttribute(\"data-secret\"))||(t=Math.random().toString(36).substring(2,12),e.src+=\"#?secret=\"+t,e.setAttribute(\"data-secret\",t)),e.contentWindow.postMessage({message:\"ready\",secret:t},\"*\")},!1)))}(window,document);\n\/\/# sourceURL=https:\/\/pagina10.com\/web\/wp-includes\/js\/wp-embed.min.js\n<\/script>\n","thumbnail_url":"https:\/\/pagina10.com\/web\/wp-content\/uploads\/2022\/06\/Captura-de-Pantalla-2022-06-20-a-las-4.56.07-p.-m..png","thumbnail_width":847,"thumbnail_height":537,"description":"La Gobernaci\u00f3n de Nari\u00f1o, a trav\u00e9s de la Direcci\u00f3n Administrativa de Turismo, ha venido adelantando estrategias encaminadas en la reactivaci\u00f3n econ\u00f3mica del departamento de Nari\u00f1o, una de estas es el relacionamiento binacional con el pa\u00eds hermano de Ecuador. Por este motivo, se articulan esfuerzos para desarrollar la primera Feria Binacional ExpoFronteras que se llevar\u00e1 a [&hellip;]"}

Página10

Página 10

Prelanzamiento Feria Binacional ExpoFronteras | Página10

<blockquote class="wp-embedded-content" data-secret="452RLpKdF9"><a href="https://pagina10.com/web/prelanzamiento-feria-binacional-expofronteras/">Prelanzamiento Feria Binacional ExpoFronteras</a></blockquote><iframe sandbox="allow-scripts" security="restricted" src="https://pagina10.com/web/prelanzamiento-feria-binacional-expofronteras/embed/#?secret=452RLpKdF9" width="600" height="338" title="«Prelanzamiento Feria Binacional ExpoFronteras» — Página10" data-secret="452RLpKdF9" frameborder="0" marginwidth="0" marginheight="0" scrolling="no" class="wp-embedded-content"></iframe><script>
/*! This file is auto-generated */
!function(d,l){"use strict";l.querySelector&&d.addEventListener&&"undefined"!=typeof URL&&(d.wp=d.wp||{},d.wp.receiveEmbedMessage||(d.wp.receiveEmbedMessage=function(e){var t=e.data;if((t||t.secret||t.message||t.value)&&!/[^a-zA-Z0-9]/.test(t.secret)){for(var s,r,n,a=l.querySelectorAll('iframe[data-secret="'+t.secret+'"]'),o=l.querySelectorAll('blockquote[data-secret="'+t.secret+'"]'),c=new RegExp("^https?:$","i"),i=0;i<o.length;i++)o[i].style.display="none";for(i=0;i<a.length;i++)s=a[i],e.source===s.contentWindow&&(s.removeAttribute("style"),"height"===t.message?(1e3<(r=parseInt(t.value,10))?r=1e3:~~r<200&&(r=200),s.height=r):"link"===t.message&&(r=new URL(s.getAttribute("src")),n=new URL(t.value),c.test(n.protocol))&&n.host===r.host&&l.activeElement===s&&(d.top.location.href=t.value))}},d.addEventListener("message",d.wp.receiveEmbedMessage,!1),l.addEventListener("DOMContentLoaded",function(){for(var e,t,s=l.querySelectorAll("iframe.wp-embedded-content"),r=0;r<s.length;r++)(t=(e=s[r]).getAttribute("data-secret"))||(t=Math.random().toString(36).substring(2,12),e.src+="#?secret="+t,e.setAttribute("data-secret",t)),e.contentWindow.postMessage({message:"ready",secret:t},"*")},!1)))}(window,document);
//# sourceURL=https://pagina10.com/web/wp-includes/js/wp-embed.min.js
</script>

La Gobernación de Nariño, a través de la Dirección Administrativa de Turismo, ha venido adelantando estrategias encaminadas en la reactivación económica del departamento de Nariño, una de estas es el relacionamiento binacional con el país hermano de Ecuador. Por este motivo, se articulan esfuerzos para desarrollar la primera Feria Binacional ExpoFronteras que se llevará a [&hellip;]
