{"version":"1.0","provider_name":"P\u00e1gina10","provider_url":"https:\/\/pagina10.com\/web","author_name":"P\u00e1gina 10","author_url":"https:\/\/pagina10.com\/web\/author\/pdiezadmin\/","title":"Vendedores informales de Pasto ser\u00e1n reubicados | P\u00e1gina10","type":"rich","width":600,"height":338,"html":"<blockquote class=\"wp-embedded-content\" data-secret=\"izDhTHVzLA\"><a href=\"https:\/\/pagina10.com\/web\/vendedores-informales-de-pasto-seran-reubicados\/\">Vendedores informales de Pasto ser\u00e1n reubicados<\/a><\/blockquote><iframe sandbox=\"allow-scripts\" security=\"restricted\" src=\"https:\/\/pagina10.com\/web\/vendedores-informales-de-pasto-seran-reubicados\/embed\/#?secret=izDhTHVzLA\" width=\"600\" height=\"338\" title=\"\u00abVendedores informales de Pasto ser\u00e1n reubicados\u00bb \u2014 P\u00e1gina10\" data-secret=\"izDhTHVzLA\" frameborder=\"0\" marginwidth=\"0\" marginheight=\"0\" scrolling=\"no\" class=\"wp-embedded-content\"><\/iframe><script>\n\/*! This file is auto-generated *\/\n!function(d,l){\"use strict\";l.querySelector&&d.addEventListener&&\"undefined\"!=typeof URL&&(d.wp=d.wp||{},d.wp.receiveEmbedMessage||(d.wp.receiveEmbedMessage=function(e){var t=e.data;if((t||t.secret||t.message||t.value)&&!\/[^a-zA-Z0-9]\/.test(t.secret)){for(var s,r,n,a=l.querySelectorAll('iframe[data-secret=\"'+t.secret+'\"]'),o=l.querySelectorAll('blockquote[data-secret=\"'+t.secret+'\"]'),c=new RegExp(\"^https?:$\",\"i\"),i=0;i<o.length;i++)o[i].style.display=\"none\";for(i=0;i<a.length;i++)s=a[i],e.source===s.contentWindow&&(s.removeAttribute(\"style\"),\"height\"===t.message?(1e3<(r=parseInt(t.value,10))?r=1e3:~~r<200&&(r=200),s.height=r):\"link\"===t.message&&(r=new URL(s.getAttribute(\"src\")),n=new URL(t.value),c.test(n.protocol))&&n.host===r.host&&l.activeElement===s&&(d.top.location.href=t.value))}},d.addEventListener(\"message\",d.wp.receiveEmbedMessage,!1),l.addEventListener(\"DOMContentLoaded\",function(){for(var e,t,s=l.querySelectorAll(\"iframe.wp-embedded-content\"),r=0;r<s.length;r++)(t=(e=s[r]).getAttribute(\"data-secret\"))||(t=Math.random().toString(36).substring(2,12),e.src+=\"#?secret=\"+t,e.setAttribute(\"data-secret\",t)),e.contentWindow.postMessage({message:\"ready\",secret:t},\"*\")},!1)))}(window,document);\n\/\/# sourceURL=https:\/\/pagina10.com\/web\/wp-includes\/js\/wp-embed.min.js\n<\/script>\n","thumbnail_url":"https:\/\/pagina10.com\/web\/wp-content\/uploads\/2021\/07\/reubicacion_laboral.jpg","thumbnail_width":600,"thumbnail_height":347,"description":"La Alcald\u00eda de Pasto adelanta el proceso de reubicaci\u00f3n laboral con los vendedores informales incluidos en el Acuerdo 032 de 1991, mediante la entrega de la escarapela que avala el uso econ\u00f3mico del espacio p\u00fablico en la zona asignada. Este proceso que lidera la Direcci\u00f3n Administrativa de Espacio P\u00fablico recupera las zonas que anteriormente ocupaban [&hellip;]"}

Página10

Página 10

Vendedores informales de Pasto serán reubicados | Página10

<blockquote class="wp-embedded-content" data-secret="izDhTHVzLA"><a href="https://pagina10.com/web/vendedores-informales-de-pasto-seran-reubicados/">Vendedores informales de Pasto serán reubicados</a></blockquote><iframe sandbox="allow-scripts" security="restricted" src="https://pagina10.com/web/vendedores-informales-de-pasto-seran-reubicados/embed/#?secret=izDhTHVzLA" width="600" height="338" title="«Vendedores informales de Pasto serán reubicados» — Página10" data-secret="izDhTHVzLA" frameborder="0" marginwidth="0" marginheight="0" scrolling="no" class="wp-embedded-content"></iframe><script>
/*! This file is auto-generated */
!function(d,l){"use strict";l.querySelector&&d.addEventListener&&"undefined"!=typeof URL&&(d.wp=d.wp||{},d.wp.receiveEmbedMessage||(d.wp.receiveEmbedMessage=function(e){var t=e.data;if((t||t.secret||t.message||t.value)&&!/[^a-zA-Z0-9]/.test(t.secret)){for(var s,r,n,a=l.querySelectorAll('iframe[data-secret="'+t.secret+'"]'),o=l.querySelectorAll('blockquote[data-secret="'+t.secret+'"]'),c=new RegExp("^https?:$","i"),i=0;i<o.length;i++)o[i].style.display="none";for(i=0;i<a.length;i++)s=a[i],e.source===s.contentWindow&&(s.removeAttribute("style"),"height"===t.message?(1e3<(r=parseInt(t.value,10))?r=1e3:~~r<200&&(r=200),s.height=r):"link"===t.message&&(r=new URL(s.getAttribute("src")),n=new URL(t.value),c.test(n.protocol))&&n.host===r.host&&l.activeElement===s&&(d.top.location.href=t.value))}},d.addEventListener("message",d.wp.receiveEmbedMessage,!1),l.addEventListener("DOMContentLoaded",function(){for(var e,t,s=l.querySelectorAll("iframe.wp-embedded-content"),r=0;r<s.length;r++)(t=(e=s[r]).getAttribute("data-secret"))||(t=Math.random().toString(36).substring(2,12),e.src+="#?secret="+t,e.setAttribute("data-secret",t)),e.contentWindow.postMessage({message:"ready",secret:t},"*")},!1)))}(window,document);
//# sourceURL=https://pagina10.com/web/wp-includes/js/wp-embed.min.js
</script>

La Alcaldía de Pasto adelanta el proceso de reubicación laboral con los vendedores informales incluidos en el Acuerdo 032 de 1991, mediante la entrega de la escarapela que avala el uso económico del espacio público en la zona asignada. Este proceso que lidera la Dirección Administrativa de Espacio Público recupera las zonas que anteriormente ocupaban [&hellip;]
