{"version":"1.0","provider_name":"P\u00e1gina10","provider_url":"https:\/\/pagina10.com\/web","author_name":"Pablo Emilio Obando Acosta","author_url":"https:\/\/pagina10.com\/web\/author\/pobando\/","title":"\u00bfY los denominados pro-vida, d\u00f3nde est\u00e1n? | P\u00e1gina10","type":"rich","width":600,"height":338,"html":"<blockquote class=\"wp-embedded-content\" data-secret=\"qPHlYUu5cD\"><a href=\"https:\/\/pagina10.com\/web\/y-los-denominados-pro-vida-donde-estan\/\">\u00bfY los denominados pro-vida, d\u00f3nde est\u00e1n?<\/a><\/blockquote><iframe sandbox=\"allow-scripts\" security=\"restricted\" src=\"https:\/\/pagina10.com\/web\/y-los-denominados-pro-vida-donde-estan\/embed\/#?secret=qPHlYUu5cD\" width=\"600\" height=\"338\" title=\"\u00ab\u00bfY los denominados pro-vida, d\u00f3nde est\u00e1n?\u00bb \u2014 P\u00e1gina10\" data-secret=\"qPHlYUu5cD\" frameborder=\"0\" marginwidth=\"0\" marginheight=\"0\" scrolling=\"no\" class=\"wp-embedded-content\"><\/iframe><script>\n\/*! This file is auto-generated *\/\n!function(d,l){\"use strict\";l.querySelector&&d.addEventListener&&\"undefined\"!=typeof URL&&(d.wp=d.wp||{},d.wp.receiveEmbedMessage||(d.wp.receiveEmbedMessage=function(e){var t=e.data;if((t||t.secret||t.message||t.value)&&!\/[^a-zA-Z0-9]\/.test(t.secret)){for(var s,r,n,a=l.querySelectorAll('iframe[data-secret=\"'+t.secret+'\"]'),o=l.querySelectorAll('blockquote[data-secret=\"'+t.secret+'\"]'),c=new RegExp(\"^https?:$\",\"i\"),i=0;i<o.length;i++)o[i].style.display=\"none\";for(i=0;i<a.length;i++)s=a[i],e.source===s.contentWindow&&(s.removeAttribute(\"style\"),\"height\"===t.message?(1e3<(r=parseInt(t.value,10))?r=1e3:~~r<200&&(r=200),s.height=r):\"link\"===t.message&&(r=new URL(s.getAttribute(\"src\")),n=new URL(t.value),c.test(n.protocol))&&n.host===r.host&&l.activeElement===s&&(d.top.location.href=t.value))}},d.addEventListener(\"message\",d.wp.receiveEmbedMessage,!1),l.addEventListener(\"DOMContentLoaded\",function(){for(var e,t,s=l.querySelectorAll(\"iframe.wp-embedded-content\"),r=0;r<s.length;r++)(t=(e=s[r]).getAttribute(\"data-secret\"))||(t=Math.random().toString(36).substring(2,12),e.src+=\"#?secret=\"+t,e.setAttribute(\"data-secret\",t)),e.contentWindow.postMessage({message:\"ready\",secret:t},\"*\")},!1)))}(window,document);\n\/\/# sourceURL=https:\/\/pagina10.com\/web\/wp-includes\/js\/wp-embed.min.js\n<\/script>\n","thumbnail_url":"https:\/\/pagina10.com\/web\/wp-content\/uploads\/2022\/02\/Captura-de-Pantalla-2022-02-08-a-las-8.34.59-p.-m..png","thumbnail_width":981,"thumbnail_height":495,"description":"Miles de ni\u00f1os viven un verdadero terror en las calles de Colombia. Hoy, que se debate sobre el ABORTO LIBRE nos preguntamos si acaso no es mejor aprobarlo definitivamente. Ya no es un problema de moral, es un asunto de salud p\u00fablica y de humanismo. CUNA Y CRUZ T\u00fa Que has hecho de la Luna [&hellip;]"}

Página10

¿Y los denominados pro-vida, dónde están? | Página10

<blockquote class="wp-embedded-content" data-secret="qPHlYUu5cD"><a href="https://pagina10.com/web/y-los-denominados-pro-vida-donde-estan/">¿Y los denominados pro-vida, dónde están?</a></blockquote><iframe sandbox="allow-scripts" security="restricted" src="https://pagina10.com/web/y-los-denominados-pro-vida-donde-estan/embed/#?secret=qPHlYUu5cD" width="600" height="338" title="«¿Y los denominados pro-vida, dónde están?» — Página10" data-secret="qPHlYUu5cD" frameborder="0" marginwidth="0" marginheight="0" scrolling="no" class="wp-embedded-content"></iframe><script>
/*! This file is auto-generated */
!function(d,l){"use strict";l.querySelector&&d.addEventListener&&"undefined"!=typeof URL&&(d.wp=d.wp||{},d.wp.receiveEmbedMessage||(d.wp.receiveEmbedMessage=function(e){var t=e.data;if((t||t.secret||t.message||t.value)&&!/[^a-zA-Z0-9]/.test(t.secret)){for(var s,r,n,a=l.querySelectorAll('iframe[data-secret="'+t.secret+'"]'),o=l.querySelectorAll('blockquote[data-secret="'+t.secret+'"]'),c=new RegExp("^https?:$","i"),i=0;i<o.length;i++)o[i].style.display="none";for(i=0;i<a.length;i++)s=a[i],e.source===s.contentWindow&&(s.removeAttribute("style"),"height"===t.message?(1e3<(r=parseInt(t.value,10))?r=1e3:~~r<200&&(r=200),s.height=r):"link"===t.message&&(r=new URL(s.getAttribute("src")),n=new URL(t.value),c.test(n.protocol))&&n.host===r.host&&l.activeElement===s&&(d.top.location.href=t.value))}},d.addEventListener("message",d.wp.receiveEmbedMessage,!1),l.addEventListener("DOMContentLoaded",function(){for(var e,t,s=l.querySelectorAll("iframe.wp-embedded-content"),r=0;r<s.length;r++)(t=(e=s[r]).getAttribute("data-secret"))||(t=Math.random().toString(36).substring(2,12),e.src+="#?secret="+t,e.setAttribute("data-secret",t)),e.contentWindow.postMessage({message:"ready",secret:t},"*")},!1)))}(window,document);
//# sourceURL=https://pagina10.com/web/wp-includes/js/wp-embed.min.js
</script>

Miles de niños viven un verdadero terror en las calles de Colombia. Hoy, que se debate sobre el ABORTO LIBRE nos preguntamos si acaso no es mejor aprobarlo definitivamente. Ya no es un problema de moral, es un asunto de salud pública y de humanismo. CUNA Y CRUZ Tú Que has hecho de la Luna [&hellip;]
